{"id":5322,"date":"2023-11-28T11:15:37","date_gmt":"2023-11-28T10:15:37","guid":{"rendered":"http:\/\/barbry.esy.es\/?page_id=5322"},"modified":"2024-10-31T14:47:41","modified_gmt":"2024-10-31T13:47:41","slug":"clic-flandre-lys-relais-autonomie","status":"publish","type":"page","link":"https:\/\/www.haverskerque.fr\/index.php\/clic-flandre-lys-relais-autonomie\/","title":{"rendered":"CLIC Flandre Lys &#8211; Relais Autonomie"},"content":{"rendered":"<div class=\"wp-block-image is-resized\">\n<figure class=\"aligncenter size-large\"><img loading=\"lazy\" decoding=\"async\" width=\"1024\" height=\"411\" src=\"http:\/\/barbry.esy.es\/wp-content\/uploads\/2023\/11\/CLIC-AFLA-Flandre-Lys-1024x411.png\" alt=\"\" class=\"wp-image-5348\" style=\"object-fit:cover;width:700px;height:393px\" srcset=\"https:\/\/www.haverskerque.fr\/wp-content\/uploads\/2023\/11\/CLIC-AFLA-Flandre-Lys-1024x411.png 1024w, https:\/\/www.haverskerque.fr\/wp-content\/uploads\/2023\/11\/CLIC-AFLA-Flandre-Lys-300x120.png 300w, https:\/\/www.haverskerque.fr\/wp-content\/uploads\/2023\/11\/CLIC-AFLA-Flandre-Lys-768x308.png 768w, https:\/\/www.haverskerque.fr\/wp-content\/uploads\/2023\/11\/CLIC-AFLA-Flandre-Lys-1140x457.png 1140w, https:\/\/www.haverskerque.fr\/wp-content\/uploads\/2023\/11\/CLIC-AFLA-Flandre-Lys.png 1289w\" sizes=\"auto, (max-width: 1024px) 100vw, 1024px\" \/><\/figure>\n<\/div>\n\n\n<figure class=\"wp-block-image size-full\"><img loading=\"lazy\" decoding=\"async\" width=\"593\" height=\"45\" src=\"https:\/\/haverskerque.fr\/wp-content\/uploads\/2023\/02\/bandeblanche.jpg\" alt=\"\" class=\"wp-image-381\" srcset=\"https:\/\/www.haverskerque.fr\/wp-content\/uploads\/2023\/02\/bandeblanche.jpg 593w, https:\/\/www.haverskerque.fr\/wp-content\/uploads\/2023\/02\/bandeblanche-300x23.jpg 300w\" sizes=\"auto, (max-width: 593px) 100vw, 593px\" \/><\/figure>\n\n\n\n<p><mark style=\"background-color:rgba(0, 0, 0, 0);color:#00a018\" class=\"has-inline-color\">|<\/mark> <em>Vous souhaitez une aide pour un maintien \u00e0 domicile d&rsquo;une personne \u00e2g\u00e9e ou en situation de handicap ?! Retrouvez ici les modalit\u00e9s pratiques de ce service de la CCFL.<\/em><\/p>\n\n\n\n<figure class=\"wp-block-image size-full\"><img loading=\"lazy\" decoding=\"async\" width=\"593\" height=\"45\" src=\"https:\/\/haverskerque.fr\/wp-content\/uploads\/2023\/02\/bandeblanche.jpg\" alt=\"\" class=\"wp-image-381\" srcset=\"https:\/\/www.haverskerque.fr\/wp-content\/uploads\/2023\/02\/bandeblanche.jpg 593w, https:\/\/www.haverskerque.fr\/wp-content\/uploads\/2023\/02\/bandeblanche-300x23.jpg 300w\" sizes=\"auto, (max-width: 593px) 100vw, 593px\" \/><\/figure>\n\n\n\n<h3 class=\"wp-block-heading\"><mark style=\"background-color:rgba(0, 0, 0, 0);color:#00a018\" class=\"has-inline-color\">|<\/mark> <strong>Le CLIC Flandre Lys &#8211; Relais Autonomie est un service gratuit proposant (pour les + de 60 ans)<\/strong><\/h3>\n\n\n\n<figure class=\"wp-block-image size-full\"><img loading=\"lazy\" decoding=\"async\" width=\"593\" height=\"45\" src=\"https:\/\/haverskerque.fr\/wp-content\/uploads\/2023\/02\/bandeblanche.jpg\" alt=\"\" class=\"wp-image-381\" srcset=\"https:\/\/www.haverskerque.fr\/wp-content\/uploads\/2023\/02\/bandeblanche.jpg 593w, https:\/\/www.haverskerque.fr\/wp-content\/uploads\/2023\/02\/bandeblanche-300x23.jpg 300w\" sizes=\"auto, (max-width: 593px) 100vw, 593px\" \/><\/figure>\n\n\n\n<ul class=\"wp-block-list\">\n<li>Une \u00e9valuation de la situation, au domicile&nbsp;;<\/li>\n<\/ul>\n\n\n\n<ul class=\"wp-block-list\">\n<li>Une coordination m\u00e9dico-sociale pour la mise en \u0153uvre du projet de vie, en concertation avec les autres professionnels.<\/li>\n<\/ul>\n\n\n\n<figure class=\"wp-block-image size-full\"><img loading=\"lazy\" decoding=\"async\" width=\"593\" height=\"45\" src=\"https:\/\/haverskerque.fr\/wp-content\/uploads\/2023\/02\/bandeblanche.jpg\" alt=\"\" class=\"wp-image-381\" srcset=\"https:\/\/www.haverskerque.fr\/wp-content\/uploads\/2023\/02\/bandeblanche.jpg 593w, https:\/\/www.haverskerque.fr\/wp-content\/uploads\/2023\/02\/bandeblanche-300x23.jpg 300w\" sizes=\"auto, (max-width: 593px) 100vw, 593px\" \/><\/figure>\n\n\n\n<p>Contacts : <\/p>\n\n\n\n<figure class=\"wp-block-image size-full\"><img loading=\"lazy\" decoding=\"async\" width=\"593\" height=\"45\" src=\"https:\/\/haverskerque.fr\/wp-content\/uploads\/2023\/02\/bandeblanche.jpg\" alt=\"\" class=\"wp-image-381\" srcset=\"https:\/\/www.haverskerque.fr\/wp-content\/uploads\/2023\/02\/bandeblanche.jpg 593w, https:\/\/www.haverskerque.fr\/wp-content\/uploads\/2023\/02\/bandeblanche-300x23.jpg 300w\" sizes=\"auto, (max-width: 593px) 100vw, 593px\" \/><\/figure>\n\n\n\n<ul class=\"wp-block-list\">\n<li>Avec ou sans rendez-vous, dans ses locaux situ\u00e9s sur la commune de Ca\u00ebstre&nbsp;: lundi, mardi, jeudi et vendredi de 9h30 \u00e0 12h et de 13h30 \u00e0 16h30 et le mercredi de 13h30 \u00e0 16h30.<\/li>\n<\/ul>\n\n\n\n<p><\/p>\n\n\n\n<ul class=\"wp-block-list\">\n<li>Sur rendez-vous uniquement, sur les communes d\u2019Armenti\u00e8res et de Bailleul.<\/li>\n<\/ul>\n\n\n\n<p><\/p>\n\n\n\n<ul class=\"wp-block-list\">\n<li>Par t\u00e9l\u00e9phone au <strong>03 59 26 03 20<\/strong><\/li>\n<\/ul>\n\n\n\n<p><\/p>\n\n\n\n<ul class=\"wp-block-list\">\n<li>Par mail \u00e0 <strong><a href=\"mailto:contact.asso.flandreetlys@gmail.com\" target=\"_blank\" rel=\"noreferrer noopener\">contact.asso.flandreetlys@gmail.com<\/a><\/strong><\/li>\n<\/ul>\n\n\n\n<p><\/p>\n\n\n\n<ul class=\"wp-block-list\">\n<li>Via le <a href=\"http:\/\/www.flandretlysautonomie.com\" target=\"_blank\" rel=\"noreferrer noopener\"><strong>site internet<\/strong><\/a><\/li>\n<\/ul>\n\n\n\n<p><\/p>\n\n\n\n<figure class=\"wp-block-image size-full\"><img loading=\"lazy\" decoding=\"async\" width=\"593\" height=\"45\" src=\"https:\/\/haverskerque.fr\/wp-content\/uploads\/2023\/02\/bandeblanche.jpg\" alt=\"\" class=\"wp-image-381\" srcset=\"https:\/\/www.haverskerque.fr\/wp-content\/uploads\/2023\/02\/bandeblanche.jpg 593w, https:\/\/www.haverskerque.fr\/wp-content\/uploads\/2023\/02\/bandeblanche-300x23.jpg 300w\" sizes=\"auto, (max-width: 593px) 100vw, 593px\" \/><\/figure>\n\n\n\n<p>Service financ\u00e9 par le Conseil D\u00e9partemental du Nord, la Communaut\u00e9 de communes de Flandre Int\u00e9rieure et les communes suivantes&nbsp;: Armenti\u00e8res, Erquinghem-Lys, Estaires, Frelinghien, Haverskerque et La Gorgue.<\/p>\n","protected":false},"excerpt":{"rendered":"<p>| Vous souhaitez une aide pour un maintien \u00e0 domicile d&rsquo;une personne \u00e2g\u00e9e ou en situation de handicap ?! Retrouvez ici les modalit\u00e9s pratiques de ce service de la CCFL. | Le CLIC Flandre Lys &#8211; Relais Autonomie est un service gratuit proposant (pour les + de 60 ans) Contacts : Service financ\u00e9 par le Conseil D\u00e9partemental du Nord, la Communaut\u00e9 de communes de Flandre Int\u00e9rieure et les communes suivantes&nbsp;: Armenti\u00e8res, Erquinghem-Lys, Estaires, Frelinghien, Haverskerque et La Gorgue.<\/p>\n","protected":false},"author":1,"featured_media":0,"parent":0,"menu_order":0,"comment_status":"closed","ping_status":"closed","template":"","meta":{"cybocfi_hide_featured_image":"","footnotes":""},"class_list":["post-5322","page","type-page","status-publish","hentry"],"yoast_head":"<!-- This site is optimized with the Yoast SEO plugin v27.5 - https:\/\/yoast.com\/product\/yoast-seo-wordpress\/ -->\n<title>CLIC Flandre Lys - Relais Autonomie * Haverskerque, 100% Nature !*<\/title>\n<meta name=\"robots\" content=\"index, follow, max-snippet:-1, max-image-preview:large, max-video-preview:-1\" \/>\n<link rel=\"canonical\" href=\"https:\/\/www.haverskerque.fr\/index.php\/clic-flandre-lys-relais-autonomie\/\" \/>\n<meta property=\"og:locale\" content=\"fr_FR\" \/>\n<meta property=\"og:type\" content=\"article\" \/>\n<meta property=\"og:title\" content=\"CLIC Flandre Lys - Relais Autonomie * Haverskerque, 100% Nature !*\" \/>\n<meta property=\"og:description\" content=\"| Vous souhaitez une aide pour un maintien \u00e0 domicile d&rsquo;une personne \u00e2g\u00e9e ou en situation de handicap ?! Retrouvez ici les modalit\u00e9s pratiques de ce service de la CCFL. | Le CLIC Flandre Lys &#8211; Relais Autonomie est un service gratuit proposant (pour les + de 60 ans) Contacts : Service financ\u00e9 par le Conseil D\u00e9partemental du Nord, la Communaut\u00e9 de communes de Flandre Int\u00e9rieure et les communes suivantes&nbsp;: Armenti\u00e8res, Erquinghem-Lys, Estaires, Frelinghien, Haverskerque et La Gorgue.\" \/>\n<meta property=\"og:url\" content=\"https:\/\/www.haverskerque.fr\/index.php\/clic-flandre-lys-relais-autonomie\/\" \/>\n<meta property=\"og:site_name\" content=\"Haverskerque, 100% Nature !*\" \/>\n<meta property=\"article:publisher\" content=\"https:\/\/www.facebook.com\/communehaverskerque\" \/>\n<meta property=\"article:modified_time\" content=\"2024-10-31T13:47:41+00:00\" \/>\n<meta property=\"og:image\" content=\"https:\/\/www.haverskerque.fr\/wp-content\/uploads\/2023\/11\/CLIC-AFLA-Flandre-Lys.png\" \/>\n\t<meta property=\"og:image:width\" content=\"1289\" \/>\n\t<meta property=\"og:image:height\" content=\"517\" \/>\n\t<meta property=\"og:image:type\" content=\"image\/png\" \/>\n<meta name=\"twitter:card\" content=\"summary_large_image\" \/>\n<meta name=\"twitter:label1\" content=\"Dur\u00e9e de lecture estim\u00e9e\" \/>\n\t<meta name=\"twitter:data1\" content=\"3 minutes\" \/>\n<script type=\"application\/ld+json\" class=\"yoast-schema-graph\">{\"@context\":\"https:\\\/\\\/schema.org\",\"@graph\":[{\"@type\":\"WebPage\",\"@id\":\"https:\\\/\\\/www.haverskerque.fr\\\/index.php\\\/clic-flandre-lys-relais-autonomie\\\/\",\"url\":\"https:\\\/\\\/www.haverskerque.fr\\\/index.php\\\/clic-flandre-lys-relais-autonomie\\\/\",\"name\":\"CLIC Flandre Lys - Relais Autonomie * Haverskerque, 100% Nature !*\",\"isPartOf\":{\"@id\":\"https:\\\/\\\/haverskerque.fr\\\/#website\"},\"primaryImageOfPage\":{\"@id\":\"https:\\\/\\\/www.haverskerque.fr\\\/index.php\\\/clic-flandre-lys-relais-autonomie\\\/#primaryimage\"},\"image\":{\"@id\":\"https:\\\/\\\/www.haverskerque.fr\\\/index.php\\\/clic-flandre-lys-relais-autonomie\\\/#primaryimage\"},\"thumbnailUrl\":\"http:\\\/\\\/barbry.esy.es\\\/wp-content\\\/uploads\\\/2023\\\/11\\\/CLIC-AFLA-Flandre-Lys-1024x411.png\",\"datePublished\":\"2023-11-28T10:15:37+00:00\",\"dateModified\":\"2024-10-31T13:47:41+00:00\",\"breadcrumb\":{\"@id\":\"https:\\\/\\\/www.haverskerque.fr\\\/index.php\\\/clic-flandre-lys-relais-autonomie\\\/#breadcrumb\"},\"inLanguage\":\"fr-FR\",\"potentialAction\":[{\"@type\":\"ReadAction\",\"target\":[\"https:\\\/\\\/www.haverskerque.fr\\\/index.php\\\/clic-flandre-lys-relais-autonomie\\\/\"]}]},{\"@type\":\"ImageObject\",\"inLanguage\":\"fr-FR\",\"@id\":\"https:\\\/\\\/www.haverskerque.fr\\\/index.php\\\/clic-flandre-lys-relais-autonomie\\\/#primaryimage\",\"url\":\"http:\\\/\\\/barbry.esy.es\\\/wp-content\\\/uploads\\\/2023\\\/11\\\/CLIC-AFLA-Flandre-Lys-1024x411.png\",\"contentUrl\":\"http:\\\/\\\/barbry.esy.es\\\/wp-content\\\/uploads\\\/2023\\\/11\\\/CLIC-AFLA-Flandre-Lys-1024x411.png\"},{\"@type\":\"BreadcrumbList\",\"@id\":\"https:\\\/\\\/www.haverskerque.fr\\\/index.php\\\/clic-flandre-lys-relais-autonomie\\\/#breadcrumb\",\"itemListElement\":[{\"@type\":\"ListItem\",\"position\":1,\"name\":\"Accueil\",\"item\":\"https:\\\/\\\/www.haverskerque.fr\\\/\"},{\"@type\":\"ListItem\",\"position\":2,\"name\":\"CLIC Flandre Lys &#8211; Relais Autonomie\"}]},{\"@type\":\"WebSite\",\"@id\":\"https:\\\/\\\/haverskerque.fr\\\/#website\",\"url\":\"https:\\\/\\\/haverskerque.fr\\\/\",\"name\":\"Haverskerque\",\"description\":\"Haverskerque, 100% Nature !\",\"publisher\":{\"@id\":\"https:\\\/\\\/haverskerque.fr\\\/#organization\"},\"alternateName\":\"Haverskerque\",\"potentialAction\":[{\"@type\":\"SearchAction\",\"target\":{\"@type\":\"EntryPoint\",\"urlTemplate\":\"https:\\\/\\\/haverskerque.fr\\\/?s={search_term_string}\"},\"query-input\":{\"@type\":\"PropertyValueSpecification\",\"valueRequired\":true,\"valueName\":\"search_term_string\"}}],\"inLanguage\":\"fr-FR\"},{\"@type\":\"Organization\",\"@id\":\"https:\\\/\\\/haverskerque.fr\\\/#organization\",\"name\":\"Commune d'Haverskerque\",\"alternateName\":\"Commune d'Haverskerque\",\"url\":\"https:\\\/\\\/haverskerque.fr\\\/\",\"logo\":{\"@type\":\"ImageObject\",\"inLanguage\":\"fr-FR\",\"@id\":\"https:\\\/\\\/haverskerque.fr\\\/#\\\/schema\\\/logo\\\/image\\\/\",\"url\":\"https:\\\/\\\/haverskerque.fr\\\/wp-content\\\/uploads\\\/2024\\\/01\\\/siteon0-e5814-1.png\",\"contentUrl\":\"https:\\\/\\\/haverskerque.fr\\\/wp-content\\\/uploads\\\/2024\\\/01\\\/siteon0-e5814-1.png\",\"width\":236,\"height\":102,\"caption\":\"Commune d'Haverskerque\"},\"image\":{\"@id\":\"https:\\\/\\\/haverskerque.fr\\\/#\\\/schema\\\/logo\\\/image\\\/\"},\"sameAs\":[\"https:\\\/\\\/www.facebook.com\\\/communehaverskerque\",\"https:\\\/\\\/www.instagram.com\\\/communehaverskerque\\\/\"]}]}<\/script>\n<!-- \/ Yoast SEO plugin. -->","yoast_head_json":{"title":"CLIC Flandre Lys - Relais Autonomie * Haverskerque, 100% Nature !*","robots":{"index":"index","follow":"follow","max-snippet":"max-snippet:-1","max-image-preview":"max-image-preview:large","max-video-preview":"max-video-preview:-1"},"canonical":"https:\/\/www.haverskerque.fr\/index.php\/clic-flandre-lys-relais-autonomie\/","og_locale":"fr_FR","og_type":"article","og_title":"CLIC Flandre Lys - Relais Autonomie * Haverskerque, 100% Nature !*","og_description":"| Vous souhaitez une aide pour un maintien \u00e0 domicile d&rsquo;une personne \u00e2g\u00e9e ou en situation de handicap ?! Retrouvez ici les modalit\u00e9s pratiques de ce service de la CCFL. | Le CLIC Flandre Lys &#8211; Relais Autonomie est un service gratuit proposant (pour les + de 60 ans) Contacts : Service financ\u00e9 par le Conseil D\u00e9partemental du Nord, la Communaut\u00e9 de communes de Flandre Int\u00e9rieure et les communes suivantes&nbsp;: Armenti\u00e8res, Erquinghem-Lys, Estaires, Frelinghien, Haverskerque et La Gorgue.","og_url":"https:\/\/www.haverskerque.fr\/index.php\/clic-flandre-lys-relais-autonomie\/","og_site_name":"Haverskerque, 100% Nature !*","article_publisher":"https:\/\/www.facebook.com\/communehaverskerque","article_modified_time":"2024-10-31T13:47:41+00:00","og_image":[{"width":1289,"height":517,"url":"https:\/\/www.haverskerque.fr\/wp-content\/uploads\/2023\/11\/CLIC-AFLA-Flandre-Lys.png","type":"image\/png"}],"twitter_card":"summary_large_image","twitter_misc":{"Dur\u00e9e de lecture estim\u00e9e":"3 minutes"},"schema":{"@context":"https:\/\/schema.org","@graph":[{"@type":"WebPage","@id":"https:\/\/www.haverskerque.fr\/index.php\/clic-flandre-lys-relais-autonomie\/","url":"https:\/\/www.haverskerque.fr\/index.php\/clic-flandre-lys-relais-autonomie\/","name":"CLIC Flandre Lys - Relais Autonomie * Haverskerque, 100% Nature !*","isPartOf":{"@id":"https:\/\/haverskerque.fr\/#website"},"primaryImageOfPage":{"@id":"https:\/\/www.haverskerque.fr\/index.php\/clic-flandre-lys-relais-autonomie\/#primaryimage"},"image":{"@id":"https:\/\/www.haverskerque.fr\/index.php\/clic-flandre-lys-relais-autonomie\/#primaryimage"},"thumbnailUrl":"http:\/\/barbry.esy.es\/wp-content\/uploads\/2023\/11\/CLIC-AFLA-Flandre-Lys-1024x411.png","datePublished":"2023-11-28T10:15:37+00:00","dateModified":"2024-10-31T13:47:41+00:00","breadcrumb":{"@id":"https:\/\/www.haverskerque.fr\/index.php\/clic-flandre-lys-relais-autonomie\/#breadcrumb"},"inLanguage":"fr-FR","potentialAction":[{"@type":"ReadAction","target":["https:\/\/www.haverskerque.fr\/index.php\/clic-flandre-lys-relais-autonomie\/"]}]},{"@type":"ImageObject","inLanguage":"fr-FR","@id":"https:\/\/www.haverskerque.fr\/index.php\/clic-flandre-lys-relais-autonomie\/#primaryimage","url":"http:\/\/barbry.esy.es\/wp-content\/uploads\/2023\/11\/CLIC-AFLA-Flandre-Lys-1024x411.png","contentUrl":"http:\/\/barbry.esy.es\/wp-content\/uploads\/2023\/11\/CLIC-AFLA-Flandre-Lys-1024x411.png"},{"@type":"BreadcrumbList","@id":"https:\/\/www.haverskerque.fr\/index.php\/clic-flandre-lys-relais-autonomie\/#breadcrumb","itemListElement":[{"@type":"ListItem","position":1,"name":"Accueil","item":"https:\/\/www.haverskerque.fr\/"},{"@type":"ListItem","position":2,"name":"CLIC Flandre Lys &#8211; Relais Autonomie"}]},{"@type":"WebSite","@id":"https:\/\/haverskerque.fr\/#website","url":"https:\/\/haverskerque.fr\/","name":"Haverskerque","description":"Haverskerque, 100% Nature !","publisher":{"@id":"https:\/\/haverskerque.fr\/#organization"},"alternateName":"Haverskerque","potentialAction":[{"@type":"SearchAction","target":{"@type":"EntryPoint","urlTemplate":"https:\/\/haverskerque.fr\/?s={search_term_string}"},"query-input":{"@type":"PropertyValueSpecification","valueRequired":true,"valueName":"search_term_string"}}],"inLanguage":"fr-FR"},{"@type":"Organization","@id":"https:\/\/haverskerque.fr\/#organization","name":"Commune d'Haverskerque","alternateName":"Commune d'Haverskerque","url":"https:\/\/haverskerque.fr\/","logo":{"@type":"ImageObject","inLanguage":"fr-FR","@id":"https:\/\/haverskerque.fr\/#\/schema\/logo\/image\/","url":"https:\/\/haverskerque.fr\/wp-content\/uploads\/2024\/01\/siteon0-e5814-1.png","contentUrl":"https:\/\/haverskerque.fr\/wp-content\/uploads\/2024\/01\/siteon0-e5814-1.png","width":236,"height":102,"caption":"Commune d'Haverskerque"},"image":{"@id":"https:\/\/haverskerque.fr\/#\/schema\/logo\/image\/"},"sameAs":["https:\/\/www.facebook.com\/communehaverskerque","https:\/\/www.instagram.com\/communehaverskerque\/"]}]}},"_links":{"self":[{"href":"https:\/\/www.haverskerque.fr\/index.php\/wp-json\/wp\/v2\/pages\/5322","targetHints":{"allow":["GET"]}}],"collection":[{"href":"https:\/\/www.haverskerque.fr\/index.php\/wp-json\/wp\/v2\/pages"}],"about":[{"href":"https:\/\/www.haverskerque.fr\/index.php\/wp-json\/wp\/v2\/types\/page"}],"author":[{"embeddable":true,"href":"https:\/\/www.haverskerque.fr\/index.php\/wp-json\/wp\/v2\/users\/1"}],"replies":[{"embeddable":true,"href":"https:\/\/www.haverskerque.fr\/index.php\/wp-json\/wp\/v2\/comments?post=5322"}],"version-history":[{"count":11,"href":"https:\/\/www.haverskerque.fr\/index.php\/wp-json\/wp\/v2\/pages\/5322\/revisions"}],"predecessor-version":[{"id":8825,"href":"https:\/\/www.haverskerque.fr\/index.php\/wp-json\/wp\/v2\/pages\/5322\/revisions\/8825"}],"wp:attachment":[{"href":"https:\/\/www.haverskerque.fr\/index.php\/wp-json\/wp\/v2\/media?parent=5322"}],"curies":[{"name":"wp","href":"https:\/\/api.w.org\/{rel}","templated":true}]}}