{"id":3503,"date":"2023-06-26T16:10:38","date_gmt":"2023-06-26T14:10:38","guid":{"rendered":"http:\/\/barbry.esy.es\/?page_id=3503"},"modified":"2026-04-10T11:36:06","modified_gmt":"2026-04-10T09:36:06","slug":"seances","status":"publish","type":"page","link":"https:\/\/www.haverskerque.fr\/index.php\/seances\/","title":{"rendered":"S\u00e9ances"},"content":{"rendered":"\n<h1 class=\"wp-block-heading\">Mandat en cours<\/h1>\n\n\n\n<blockquote class=\"wp-block-quote is-layout-flow wp-block-quote-is-layout-flow\">\n<p>2026<\/p>\n<\/blockquote>\n\n\n\n<p><a href=\"https:\/\/www.haverskerque.fr\/index.php\/2026\/01\/29\/conseil-municipal-du-04-fevrier-2026\/\">Conseil municipal du 04 f\u00e9vrier 2026<\/a><\/p>\n\n\n\n<p><a href=\"https:\/\/www.haverskerque.fr\/index.php\/2026\/03\/17\/conseil-municipal-du-22-mars-2026\/\">Conseil municipal du 22 mars 2026<\/a><\/p>\n\n\n\n<p><a href=\"https:\/\/www.haverskerque.fr\/index.php\/2026\/04\/10\/conseil-municipal-du-27-avril-2026\/\">Conseil municipal du 27 avril 2026<\/a><\/p>\n\n\n\n<blockquote class=\"wp-block-quote is-layout-flow wp-block-quote-is-layout-flow\">\n<p>2025<\/p>\n<\/blockquote>\n\n\n\n<p><a href=\"https:\/\/www.haverskerque.fr\/index.php\/2025\/02\/20\/conseil-municipal-du-24-fevrier-2025\/\">Conseil municipal du 24 f\u00e9vrier 2025<\/a> <\/p>\n\n\n\n<p><a href=\"https:\/\/www.haverskerque.fr\/index.php\/2025\/04\/02\/conseil-municipal-du-14-avril-2025\/\">Conseil municipal du 14 avril 2025<\/a><\/p>\n\n\n\n<p><a href=\"https:\/\/www.haverskerque.fr\/index.php\/2025\/06\/06\/conseil-municipal-du-13-juin-2025\/\">Conseil municipal du 13 juin 2025<\/a><\/p>\n\n\n\n<p><a href=\"https:\/\/www.haverskerque.fr\/index.php\/2025\/09\/11\/conseil-municipal-du-19-septembre-2025\/\">Conseil municipal du 19 septembre 2025<\/a> <\/p>\n\n\n\n<p><a href=\"https:\/\/www.haverskerque.fr\/index.php\/2025\/12\/11\/conseil-municipal-du-17-decembre-2025\/\">Conseil municipal du 17 d\u00e9cembre 2025<\/a><\/p>\n\n\n\n<blockquote class=\"wp-block-quote is-layout-flow wp-block-quote-is-layout-flow\">\n<p>2024<\/p>\n<\/blockquote>\n\n\n\n<p><a href=\"https:\/\/haverskerque.fr\/index.php\/2024\/02\/13\/conseil-municipal-du-19-fevrier-2024\/\">Conseil municipal du 19 f\u00e9vrier 2024<\/a><\/p>\n\n\n\n<p><a href=\"https:\/\/haverskerque.fr\/index.php\/2024\/03\/19\/conseil-municipal-du-29-mars-2024\/\">Conseil municipal du 29 mars 2024<\/a><\/p>\n\n\n\n<p><a href=\"https:\/\/haverskerque.fr\/index.php\/2024\/06\/17\/conseil-municipal-du-24-juin-2024\/\">Conseil municipal du 24 juin 2024<\/a>  <\/p>\n\n\n\n<p><a href=\"https:\/\/haverskerque.fr\/index.php\/2024\/09\/18\/conseil-municipal-du-19-septembre-2024\/\">Conseil municipal du 19 septembre 2024<\/a><\/p>\n\n\n\n<p><a href=\"https:\/\/www.haverskerque.fr\/index.php\/2024\/12\/11\/conseil-municipal-du-16-decembre-2024\/\">Conseil municipal du 16 d\u00e9cembre 2024<\/a><\/p>\n\n\n\n<blockquote class=\"wp-block-quote is-layout-flow wp-block-quote-is-layout-flow\">\n<p>2023<\/p>\n<\/blockquote>\n\n\n\n<p><a href=\"https:\/\/haverskerque.fr\/index.php\/2023\/02\/14\/conseil-municipal-du-13-fevrier-2023\/\" data-type=\"post\" data-id=\"565\">Conseil municipal du 13 f\u00e9vrier 2023<\/a><\/p>\n\n\n\n<p><a href=\"https:\/\/haverskerque.fr\/index.php\/2023\/03\/13\/conseil-municipal-du-10-mars-2023\/\">Conseil municipal du 10 mars 2023<\/a><\/p>\n\n\n\n<p><a href=\"https:\/\/haverskerque.fr\/index.php\/2023\/04\/07\/conseil-municipal-du-14-avril-2023\/\">Conseil municipal du 14 avril 2023<\/a><\/p>\n\n\n\n<p><a href=\"https:\/\/haverskerque.fr\/index.php\/2023\/07\/06\/conseil-municipal-du-09-juin-2023\/\">Conseil municipal du 09 juin 2023<\/a><\/p>\n\n\n\n<p><a href=\"https:\/\/haverskerque.fr\/index.php\/2023\/09\/23\/conseil-municipal-du-22-septembre-2023\/\">Conseil municipal du 22 septembre 2023<\/a><\/p>\n\n\n\n<p><a href=\"https:\/\/haverskerque.fr\/index.php\/2023\/12\/10\/conseil-municipal-du-15-decembre-2023\/\">Conseil municipal du 15 d\u00e9cembre 2023<\/a><\/p>\n\n\n\n<blockquote class=\"wp-block-quote is-layout-flow wp-block-quote-is-layout-flow\">\n<p>2022<\/p>\n<\/blockquote>\n\n\n\n<p><a href=\"https:\/\/haverskerque.fr\/index.php\/2022\/01\/29\/conseil-municipal-du-28-janvier-2022\/\">Conseil Municipal du 28 Janvier 2022<\/a><\/p>\n\n\n\n<p><a href=\"https:\/\/haverskerque.fr\/index.php\/2022\/03\/19\/conseil-municipal-du-18-mars-2022\/\">Conseil Municipal du 18 Mars 2022<\/a><\/p>\n\n\n\n<p><a href=\"https:\/\/haverskerque.fr\/index.php\/2022\/04\/09\/conseil-municipal-du-08-avril-2022\/\">Conseil Municipal du 08 Avril 2022<\/a><\/p>\n\n\n\n<p><a href=\"https:\/\/haverskerque.fr\/index.php\/2022\/06\/25\/conseil-municipal-du-24-juin-2022\/\">Conseil Municipal du 24 Juin 2022<\/a><\/p>\n\n\n\n<p><a href=\"https:\/\/haverskerque.fr\/index.php\/2022\/09\/03\/conseil-municipal-du-02-septembre-2022\/\">Conseil Municipal du 02 Septembre 2022<\/a><\/p>\n\n\n\n<p><a href=\"https:\/\/haverskerque.fr\/index.php\/2022\/11\/15\/conseil-municipal-du-14-novembre-2022\/\">Conseil Municipal du 14 Novembre 2022<\/a><\/p>\n\n\n\n<p><a href=\"https:\/\/haverskerque.fr\/index.php\/2022\/12\/10\/conseil-municipal-du-09-decembre-2022\/\">Conseil Municipal du 09 D\u00e9cembre 2022<\/a><\/p>\n\n\n\n<blockquote class=\"wp-block-quote is-layout-flow wp-block-quote-is-layout-flow\">\n<p>2021<\/p>\n<\/blockquote>\n\n\n\n<p><a href=\"https:\/\/haverskerque.fr\/index.php\/2021\/01\/19\/conseil-municipal-du-18-janvier-2021\/\">Conseil Municipal du 18 Janvier 2021<\/a><\/p>\n\n\n\n<p><a href=\"https:\/\/haverskerque.fr\/index.php\/2021\/04\/03\/conseil-municipal-du-02-avril-2021\/\">Conseil Municipal du 02 Avril 2021<\/a><\/p>\n\n\n\n<p><a href=\"https:\/\/haverskerque.fr\/index.php\/2021\/05\/01\/conseil-municipal-du-30-avril-2021\/\">Conseil Municipal du 30 Avril 2021<\/a><\/p>\n\n\n\n<p><a href=\"https:\/\/haverskerque.fr\/index.php\/2023\/02\/28\/annule-conseil-municipal-du-12-mai-2021\/\">ANNUL\u00c9 : Conseil Municipal du 12 Mai 2021<\/a><\/p>\n\n\n\n<p><a href=\"https:\/\/haverskerque.fr\/index.php\/2021\/06\/19\/conseil-municipal-du-18-juin-2021\/\">Conseil Municipal du 18 Juin 2021<\/a><\/p>\n\n\n\n<p><a href=\"https:\/\/haverskerque.fr\/index.php\/2021\/09\/25\/conseil-municipal-du-24-septembre-2021\/\">Conseil Municipal du 24 Septembre 2021<\/a><\/p>\n\n\n\n<p><a href=\"https:\/\/haverskerque.fr\/index.php\/2021\/12\/04\/conseil-municipal-du-03-decembre-2021\/\">Conseil Municipal du 03 D\u00e9cembre 2021<\/a><\/p>\n\n\n\n<blockquote class=\"wp-block-quote is-layout-flow wp-block-quote-is-layout-flow\">\n<p>2020<\/p>\n<\/blockquote>\n\n\n\n<p><a href=\"https:\/\/haverskerque.fr\/index.php\/2020\/01\/15\/conseil-municipal-du-14-janvier-2020\/\">Conseil Municipal du 14 janvier 2020<\/a><\/p>\n\n\n\n<p><a href=\"https:\/\/haverskerque.fr\/index.php\/2020\/03\/04\/conseil-municipal-du-03-mars-2020\/\">Conseil Municipal du 03 mars 2020<\/a><\/p>\n\n\n\n<p><a href=\"https:\/\/haverskerque.fr\/index.php\/2020\/03\/23\/annule-conseil-municipal-du-22-mars-2020\/\">ANNULE : Conseil Municipal du 22 mars 2020<\/a><\/p>\n\n\n\n<p><a href=\"https:\/\/haverskerque.fr\/index.php\/2020\/05\/25\/installation-du-nouveau-conseil-municipal-24-mai-2020\/\">Installation du nouveau Conseil Municipal 24 mai 2020<\/a><\/p>\n\n\n\n<p><a href=\"https:\/\/haverskerque.fr\/index.php\/2020\/05\/29\/conseil-municipal-du-29-mai-2020\/\">Conseil Municipal du 29 mai 2020<\/a><\/p>\n\n\n\n<p><a href=\"https:\/\/haverskerque.fr\/index.php\/2020\/06\/11\/conseil-municipal-du-10-juin-2020\/\">Conseil Municipal du 10 juin 2020<\/a><\/p>\n\n\n\n<p><a href=\"https:\/\/haverskerque.fr\/index.php\/2020\/07\/04\/conseil-municipal-du-03-juillet-2020\/\">Conseil Municipal du 03 Juillet 2020<\/a><\/p>\n\n\n\n<p><a href=\"https:\/\/haverskerque.fr\/index.php\/2020\/07\/10\/conseil-municipal-du-09-juillet-2020\/\">Conseil Municipal du 09 Juillet 2020<\/a><\/p>\n\n\n\n<p><a href=\"https:\/\/haverskerque.fr\/index.php\/2020\/09\/19\/conseil-municipal-du-18-septembre-2020\/\">Conseil Municipal du 18 Septembre 2020<\/a><\/p>\n\n\n\n<p><a href=\"https:\/\/haverskerque.fr\/index.php\/2023\/02\/28\/conseil-municipal-du-20-novembre-2020\/\">Conseil Municipal du 20 Novembre 2020<\/a><\/p>\n\n\n\n<p><a href=\"https:\/\/haverskerque.fr\/index.php\/2020\/12\/19\/conseil-municipal-du-18-decembre-2020\/\">Conseil Municipal du 18 D\u00e9cembre 2020<\/a><\/p>\n\n\n\n<p><strong><a href=\"https:\/\/haverskerque.fr\/index.php\/annees-precedentes\/\" target=\"_blank\" rel=\"noreferrer noopener\">Ann\u00e9es pr\u00e9c\u00e9dentes<\/a><\/strong><\/p>\n","protected":false},"excerpt":{"rendered":"<p>Mandat en cours 2026 Conseil municipal du 04 f\u00e9vrier 2026 Conseil municipal du 22 mars 2026 Conseil municipal du 27 avril 2026 2025 Conseil municipal du 24 f\u00e9vrier 2025 Conseil municipal du 14 avril 2025 Conseil municipal du 13 juin 2025 Conseil municipal du 19 septembre 2025 Conseil municipal du 17 d\u00e9cembre 2025 2024 Conseil municipal du 19 f\u00e9vrier 2024 Conseil municipal du 29 mars 2024 Conseil municipal du 24 juin 2024 Conseil municipal du 19 septembre 2024 Conseil municipal du 16 d\u00e9cembre 2024 2023 Conseil municipal du 13 f\u00e9vrier 2023 Conseil municipal du 10 mars 2023 Conseil municipal du 14 avril 2023 Conseil municipal du 09 juin 2023 Conseil municipal du 22 septembre 2023 Conseil municipal du 15 d\u00e9cembre 2023 2022 Conseil Municipal du 28 Janvier 2022 Conseil Municipal du 18 Mars 2022 Conseil Municipal du 08 Avril 2022 Conseil Municipal du 24 Juin 2022 Conseil Municipal du 02 Septembre 2022 Conseil Municipal du 14 Novembre 2022 Conseil Municipal du 09 D\u00e9cembre 2022 2021 Conseil Municipal du 18 Janvier 2021 Conseil Municipal du 02 Avril 2021 Conseil Municipal du 30 Avril 2021 ANNUL\u00c9 : Conseil Municipal du 12 Mai 2021 Conseil Municipal du 18 Juin 2021 Conseil Municipal du 24 Septembre 2021 Conseil Municipal du 03 D\u00e9cembre 2021 2020 Conseil Municipal du 14 janvier 2020 Conseil Municipal du 03 mars 2020 ANNULE : Conseil Municipal du 22 mars 2020 Installation du nouveau Conseil Municipal 24 mai 2020 Conseil Municipal du 29 mai 2020 Conseil Municipal du 10 juin 2020 Conseil Municipal du 03 Juillet 2020 Conseil Municipal du 09 Juillet 2020 Conseil Municipal du 18 Septembre 2020 Conseil Municipal du 20 Novembre 2020 Conseil Municipal du 18 D\u00e9cembre 2020 Ann\u00e9es pr\u00e9c\u00e9dentes<\/p>\n","protected":false},"author":1,"featured_media":0,"parent":0,"menu_order":0,"comment_status":"closed","ping_status":"closed","template":"","meta":{"cybocfi_hide_featured_image":"","footnotes":""},"class_list":["post-3503","page","type-page","status-publish","hentry"],"yoast_head":"<!-- This site is optimized with the Yoast SEO plugin v27.5 - https:\/\/yoast.com\/product\/yoast-seo-wordpress\/ -->\n<title>S\u00e9ances * Haverskerque, 100% Nature !*<\/title>\n<meta name=\"robots\" content=\"index, follow, max-snippet:-1, max-image-preview:large, max-video-preview:-1\" \/>\n<link rel=\"canonical\" href=\"https:\/\/www.haverskerque.fr\/index.php\/seances\/\" \/>\n<meta property=\"og:locale\" content=\"fr_FR\" \/>\n<meta property=\"og:type\" content=\"article\" \/>\n<meta property=\"og:title\" content=\"S\u00e9ances * Haverskerque, 100% Nature !*\" \/>\n<meta property=\"og:description\" content=\"Mandat en cours 2026 Conseil municipal du 04 f\u00e9vrier 2026 Conseil municipal du 22 mars 2026 Conseil municipal du 27 avril 2026 2025 Conseil municipal du 24 f\u00e9vrier 2025 Conseil municipal du 14 avril 2025 Conseil municipal du 13 juin 2025 Conseil municipal du 19 septembre 2025 Conseil municipal du 17 d\u00e9cembre 2025 2024 Conseil municipal du 19 f\u00e9vrier 2024 Conseil municipal du 29 mars 2024 Conseil municipal du 24 juin 2024 Conseil municipal du 19 septembre 2024 Conseil municipal du 16 d\u00e9cembre 2024 2023 Conseil municipal du 13 f\u00e9vrier 2023 Conseil municipal du 10 mars 2023 Conseil municipal du 14 avril 2023 Conseil municipal du 09 juin 2023 Conseil municipal du 22 septembre 2023 Conseil municipal du 15 d\u00e9cembre 2023 2022 Conseil Municipal du 28 Janvier 2022 Conseil Municipal du 18 Mars 2022 Conseil Municipal du 08 Avril 2022 Conseil Municipal du 24 Juin 2022 Conseil Municipal du 02 Septembre 2022 Conseil Municipal du 14 Novembre 2022 Conseil Municipal du 09 D\u00e9cembre 2022 2021 Conseil Municipal du 18 Janvier 2021 Conseil Municipal du 02 Avril 2021 Conseil Municipal du 30 Avril 2021 ANNUL\u00c9 : Conseil Municipal du 12 Mai 2021 Conseil Municipal du 18 Juin 2021 Conseil Municipal du 24 Septembre 2021 Conseil Municipal du 03 D\u00e9cembre 2021 2020 Conseil Municipal du 14 janvier 2020 Conseil Municipal du 03 mars 2020 ANNULE : Conseil Municipal du 22 mars 2020 Installation du nouveau Conseil Municipal 24 mai 2020 Conseil Municipal du 29 mai 2020 Conseil Municipal du 10 juin 2020 Conseil Municipal du 03 Juillet 2020 Conseil Municipal du 09 Juillet 2020 Conseil Municipal du 18 Septembre 2020 Conseil Municipal du 20 Novembre 2020 Conseil Municipal du 18 D\u00e9cembre 2020 Ann\u00e9es pr\u00e9c\u00e9dentes\" \/>\n<meta property=\"og:url\" content=\"https:\/\/www.haverskerque.fr\/index.php\/seances\/\" \/>\n<meta property=\"og:site_name\" content=\"Haverskerque, 100% Nature !*\" \/>\n<meta property=\"article:publisher\" content=\"https:\/\/www.facebook.com\/communehaverskerque\" \/>\n<meta property=\"article:modified_time\" content=\"2026-04-10T09:36:06+00:00\" \/>\n<meta property=\"og:image\" content=\"https:\/\/www.haverskerque.fr\/wp-content\/uploads\/2023\/12\/en-tete-inonrecentre.jpg\" \/>\n\t<meta property=\"og:image:width\" content=\"1300\" \/>\n\t<meta property=\"og:image:height\" content=\"300\" \/>\n\t<meta property=\"og:image:type\" content=\"image\/jpeg\" \/>\n<meta name=\"twitter:card\" content=\"summary_large_image\" \/>\n<meta name=\"twitter:label1\" content=\"Dur\u00e9e de lecture estim\u00e9e\" \/>\n\t<meta name=\"twitter:data1\" content=\"2 minutes\" \/>\n<script type=\"application\/ld+json\" class=\"yoast-schema-graph\">{\"@context\":\"https:\\\/\\\/schema.org\",\"@graph\":[{\"@type\":\"WebPage\",\"@id\":\"https:\\\/\\\/www.haverskerque.fr\\\/index.php\\\/seances\\\/\",\"url\":\"https:\\\/\\\/www.haverskerque.fr\\\/index.php\\\/seances\\\/\",\"name\":\"S\u00e9ances * Haverskerque, 100% Nature !*\",\"isPartOf\":{\"@id\":\"https:\\\/\\\/haverskerque.fr\\\/#website\"},\"datePublished\":\"2023-06-26T14:10:38+00:00\",\"dateModified\":\"2026-04-10T09:36:06+00:00\",\"breadcrumb\":{\"@id\":\"https:\\\/\\\/www.haverskerque.fr\\\/index.php\\\/seances\\\/#breadcrumb\"},\"inLanguage\":\"fr-FR\",\"potentialAction\":[{\"@type\":\"ReadAction\",\"target\":[\"https:\\\/\\\/www.haverskerque.fr\\\/index.php\\\/seances\\\/\"]}]},{\"@type\":\"BreadcrumbList\",\"@id\":\"https:\\\/\\\/www.haverskerque.fr\\\/index.php\\\/seances\\\/#breadcrumb\",\"itemListElement\":[{\"@type\":\"ListItem\",\"position\":1,\"name\":\"Accueil\",\"item\":\"https:\\\/\\\/www.haverskerque.fr\\\/\"},{\"@type\":\"ListItem\",\"position\":2,\"name\":\"S\u00e9ances\"}]},{\"@type\":\"WebSite\",\"@id\":\"https:\\\/\\\/haverskerque.fr\\\/#website\",\"url\":\"https:\\\/\\\/haverskerque.fr\\\/\",\"name\":\"Haverskerque\",\"description\":\"Haverskerque, 100% Nature !\",\"publisher\":{\"@id\":\"https:\\\/\\\/haverskerque.fr\\\/#organization\"},\"alternateName\":\"Haverskerque\",\"potentialAction\":[{\"@type\":\"SearchAction\",\"target\":{\"@type\":\"EntryPoint\",\"urlTemplate\":\"https:\\\/\\\/haverskerque.fr\\\/?s={search_term_string}\"},\"query-input\":{\"@type\":\"PropertyValueSpecification\",\"valueRequired\":true,\"valueName\":\"search_term_string\"}}],\"inLanguage\":\"fr-FR\"},{\"@type\":\"Organization\",\"@id\":\"https:\\\/\\\/haverskerque.fr\\\/#organization\",\"name\":\"Commune d'Haverskerque\",\"alternateName\":\"Commune d'Haverskerque\",\"url\":\"https:\\\/\\\/haverskerque.fr\\\/\",\"logo\":{\"@type\":\"ImageObject\",\"inLanguage\":\"fr-FR\",\"@id\":\"https:\\\/\\\/haverskerque.fr\\\/#\\\/schema\\\/logo\\\/image\\\/\",\"url\":\"https:\\\/\\\/haverskerque.fr\\\/wp-content\\\/uploads\\\/2024\\\/01\\\/siteon0-e5814-1.png\",\"contentUrl\":\"https:\\\/\\\/haverskerque.fr\\\/wp-content\\\/uploads\\\/2024\\\/01\\\/siteon0-e5814-1.png\",\"width\":236,\"height\":102,\"caption\":\"Commune d'Haverskerque\"},\"image\":{\"@id\":\"https:\\\/\\\/haverskerque.fr\\\/#\\\/schema\\\/logo\\\/image\\\/\"},\"sameAs\":[\"https:\\\/\\\/www.facebook.com\\\/communehaverskerque\",\"https:\\\/\\\/www.instagram.com\\\/communehaverskerque\\\/\"]}]}<\/script>\n<!-- \/ Yoast SEO plugin. -->","yoast_head_json":{"title":"S\u00e9ances * Haverskerque, 100% Nature !*","robots":{"index":"index","follow":"follow","max-snippet":"max-snippet:-1","max-image-preview":"max-image-preview:large","max-video-preview":"max-video-preview:-1"},"canonical":"https:\/\/www.haverskerque.fr\/index.php\/seances\/","og_locale":"fr_FR","og_type":"article","og_title":"S\u00e9ances * Haverskerque, 100% Nature !*","og_description":"Mandat en cours 2026 Conseil municipal du 04 f\u00e9vrier 2026 Conseil municipal du 22 mars 2026 Conseil municipal du 27 avril 2026 2025 Conseil municipal du 24 f\u00e9vrier 2025 Conseil municipal du 14 avril 2025 Conseil municipal du 13 juin 2025 Conseil municipal du 19 septembre 2025 Conseil municipal du 17 d\u00e9cembre 2025 2024 Conseil municipal du 19 f\u00e9vrier 2024 Conseil municipal du 29 mars 2024 Conseil municipal du 24 juin 2024 Conseil municipal du 19 septembre 2024 Conseil municipal du 16 d\u00e9cembre 2024 2023 Conseil municipal du 13 f\u00e9vrier 2023 Conseil municipal du 10 mars 2023 Conseil municipal du 14 avril 2023 Conseil municipal du 09 juin 2023 Conseil municipal du 22 septembre 2023 Conseil municipal du 15 d\u00e9cembre 2023 2022 Conseil Municipal du 28 Janvier 2022 Conseil Municipal du 18 Mars 2022 Conseil Municipal du 08 Avril 2022 Conseil Municipal du 24 Juin 2022 Conseil Municipal du 02 Septembre 2022 Conseil Municipal du 14 Novembre 2022 Conseil Municipal du 09 D\u00e9cembre 2022 2021 Conseil Municipal du 18 Janvier 2021 Conseil Municipal du 02 Avril 2021 Conseil Municipal du 30 Avril 2021 ANNUL\u00c9 : Conseil Municipal du 12 Mai 2021 Conseil Municipal du 18 Juin 2021 Conseil Municipal du 24 Septembre 2021 Conseil Municipal du 03 D\u00e9cembre 2021 2020 Conseil Municipal du 14 janvier 2020 Conseil Municipal du 03 mars 2020 ANNULE : Conseil Municipal du 22 mars 2020 Installation du nouveau Conseil Municipal 24 mai 2020 Conseil Municipal du 29 mai 2020 Conseil Municipal du 10 juin 2020 Conseil Municipal du 03 Juillet 2020 Conseil Municipal du 09 Juillet 2020 Conseil Municipal du 18 Septembre 2020 Conseil Municipal du 20 Novembre 2020 Conseil Municipal du 18 D\u00e9cembre 2020 Ann\u00e9es pr\u00e9c\u00e9dentes","og_url":"https:\/\/www.haverskerque.fr\/index.php\/seances\/","og_site_name":"Haverskerque, 100% Nature !*","article_publisher":"https:\/\/www.facebook.com\/communehaverskerque","article_modified_time":"2026-04-10T09:36:06+00:00","og_image":[{"width":1300,"height":300,"url":"https:\/\/www.haverskerque.fr\/wp-content\/uploads\/2023\/12\/en-tete-inonrecentre.jpg","type":"image\/jpeg"}],"twitter_card":"summary_large_image","twitter_misc":{"Dur\u00e9e de lecture estim\u00e9e":"2 minutes"},"schema":{"@context":"https:\/\/schema.org","@graph":[{"@type":"WebPage","@id":"https:\/\/www.haverskerque.fr\/index.php\/seances\/","url":"https:\/\/www.haverskerque.fr\/index.php\/seances\/","name":"S\u00e9ances * Haverskerque, 100% Nature !*","isPartOf":{"@id":"https:\/\/haverskerque.fr\/#website"},"datePublished":"2023-06-26T14:10:38+00:00","dateModified":"2026-04-10T09:36:06+00:00","breadcrumb":{"@id":"https:\/\/www.haverskerque.fr\/index.php\/seances\/#breadcrumb"},"inLanguage":"fr-FR","potentialAction":[{"@type":"ReadAction","target":["https:\/\/www.haverskerque.fr\/index.php\/seances\/"]}]},{"@type":"BreadcrumbList","@id":"https:\/\/www.haverskerque.fr\/index.php\/seances\/#breadcrumb","itemListElement":[{"@type":"ListItem","position":1,"name":"Accueil","item":"https:\/\/www.haverskerque.fr\/"},{"@type":"ListItem","position":2,"name":"S\u00e9ances"}]},{"@type":"WebSite","@id":"https:\/\/haverskerque.fr\/#website","url":"https:\/\/haverskerque.fr\/","name":"Haverskerque","description":"Haverskerque, 100% Nature !","publisher":{"@id":"https:\/\/haverskerque.fr\/#organization"},"alternateName":"Haverskerque","potentialAction":[{"@type":"SearchAction","target":{"@type":"EntryPoint","urlTemplate":"https:\/\/haverskerque.fr\/?s={search_term_string}"},"query-input":{"@type":"PropertyValueSpecification","valueRequired":true,"valueName":"search_term_string"}}],"inLanguage":"fr-FR"},{"@type":"Organization","@id":"https:\/\/haverskerque.fr\/#organization","name":"Commune d'Haverskerque","alternateName":"Commune d'Haverskerque","url":"https:\/\/haverskerque.fr\/","logo":{"@type":"ImageObject","inLanguage":"fr-FR","@id":"https:\/\/haverskerque.fr\/#\/schema\/logo\/image\/","url":"https:\/\/haverskerque.fr\/wp-content\/uploads\/2024\/01\/siteon0-e5814-1.png","contentUrl":"https:\/\/haverskerque.fr\/wp-content\/uploads\/2024\/01\/siteon0-e5814-1.png","width":236,"height":102,"caption":"Commune d'Haverskerque"},"image":{"@id":"https:\/\/haverskerque.fr\/#\/schema\/logo\/image\/"},"sameAs":["https:\/\/www.facebook.com\/communehaverskerque","https:\/\/www.instagram.com\/communehaverskerque\/"]}]}},"_links":{"self":[{"href":"https:\/\/www.haverskerque.fr\/index.php\/wp-json\/wp\/v2\/pages\/3503","targetHints":{"allow":["GET"]}}],"collection":[{"href":"https:\/\/www.haverskerque.fr\/index.php\/wp-json\/wp\/v2\/pages"}],"about":[{"href":"https:\/\/www.haverskerque.fr\/index.php\/wp-json\/wp\/v2\/types\/page"}],"author":[{"embeddable":true,"href":"https:\/\/www.haverskerque.fr\/index.php\/wp-json\/wp\/v2\/users\/1"}],"replies":[{"embeddable":true,"href":"https:\/\/www.haverskerque.fr\/index.php\/wp-json\/wp\/v2\/comments?post=3503"}],"version-history":[{"count":29,"href":"https:\/\/www.haverskerque.fr\/index.php\/wp-json\/wp\/v2\/pages\/3503\/revisions"}],"predecessor-version":[{"id":10417,"href":"https:\/\/www.haverskerque.fr\/index.php\/wp-json\/wp\/v2\/pages\/3503\/revisions\/10417"}],"wp:attachment":[{"href":"https:\/\/www.haverskerque.fr\/index.php\/wp-json\/wp\/v2\/media?parent=3503"}],"curies":[{"name":"wp","href":"https:\/\/api.w.org\/{rel}","templated":true}]}}