{"id":3493,"date":"2023-06-26T16:04:25","date_gmt":"2023-06-26T14:04:25","guid":{"rendered":"http:\/\/barbry.esy.es\/?page_id=3493"},"modified":"2025-12-19T14:19:44","modified_gmt":"2025-12-19T13:19:44","slug":"autres-services","status":"publish","type":"page","link":"https:\/\/www.haverskerque.fr\/index.php\/autres-services\/","title":{"rendered":"Autres services"},"content":{"rendered":"\n<h3 class=\"wp-block-heading has-text-align-left\"><mark style=\"background-color:rgba(0, 0, 0, 0);color:#00a018\" class=\"has-inline-color\">|<\/mark> <strong>R\u00e9gie des services \u00e0 la population<\/strong><\/h3>\n\n\n\n<p class=\"has-text-align-left\"><\/p>\n\n\n\n<figure class=\"wp-block-image size-full\"><img loading=\"lazy\" decoding=\"async\" width=\"593\" height=\"45\" src=\"https:\/\/haverskerque.fr\/wp-content\/uploads\/2023\/02\/bandeblanche.jpg\" alt=\"\" class=\"wp-image-381\" srcset=\"https:\/\/www.haverskerque.fr\/wp-content\/uploads\/2023\/02\/bandeblanche.jpg 593w, https:\/\/www.haverskerque.fr\/wp-content\/uploads\/2023\/02\/bandeblanche-300x23.jpg 300w\" sizes=\"auto, (max-width: 593px) 100vw, 593px\" \/><\/figure>\n\n\n\n<p class=\"has-text-align-left\"><\/p>\n\n\n\n<table style=\"border-collapse: collapse; width: 80%; margin: auto; font-family: Arial, sans-serif;\">\n  <thead>\n    <tr style=\"background-color: #00a018\">\n      <th style=\"border: 1px solid #000; padding: 8px; color: #ffffff;\">R\u00e9gie des services \u00e0 la population<\/th>\n      <th style=\"border: 1px solid #000; padding: 8px; color: #ffffff;\">Type d\u2019impression<\/th>\n      <th style=\"border: 1px solid #000; padding: 8px; color: #ffffff;\">TARIFS 2026<\/th>\n    <\/tr>\n  <\/thead>\n  <tbody>\n    <!-- Bloc A4 -->\n    <tr>\n      <td rowspan=\"2\" style=\"border: 1px solid #000; padding: 8px;\">Photocopie format A4 sur papier blanc<\/td>\n      <td style=\"border: 1px solid #000; padding: 8px;\">Noir et blanc<\/td>\n      <td style=\"border: 1px solid #000; padding: 8px;\">0,15\u20ac<\/td>\n    <\/tr>\n    <tr>\n      <td style=\"border: 1px solid #000; padding: 8px;\">Couleur<\/td>\n      <td style=\"border: 1px solid #000; padding: 8px;\">0,25\u20ac<\/td>\n    <\/tr>\n\n    <!-- Bande grise -->\n    <tr style=\"background-color: #e0e0e0;\">\n      <td colspan=\"3\" style=\"padding: 4px; border: none;\"><\/td>\n    <\/tr>\n\n    <!-- Bloc A3 -->\n    <tr>\n      <td rowspan=\"2\" style=\"border: 1px solid #000; padding: 8px;\">Photocopie format A3 sur papier blanc<\/td>\n      <td style=\"border: 1px solid #000; padding: 8px;\">Noir et blanc<\/td>\n      <td style=\"border: 1px solid #000; padding: 8px;\">0,25\u20ac<\/td>\n    <\/tr>\n    <tr>\n      <td style=\"border: 1px solid #000; padding: 8px;\">Couleur<\/td>\n      <td style=\"border: 1px solid #000; padding: 8px;\">0,35\u20ac<\/td>\n    <\/tr>\n\n    <!-- Bande grise -->\n    <tr style=\"background-color: #e0e0e0;\">\n      <td colspan=\"3\" style=\"padding: 4px; border: none;\"><\/td>\n    <\/tr>\n\n    <!-- Bloc Forfait associations -->\n    <tr>\n      <td rowspan=\"5\" style=\"border: 1px solid #000; padding: 8px;\">Forfait aux associations Haverskerquoises (impression sur papier blanc)<\/td>\n      <td style=\"border: 1px solid #000; padding: 8px;\">A4 noir et blanc (650 impressions)<\/td>\n      <td style=\"border: 1px solid #000; padding: 8px;\">Gratuit<\/td>\n    <\/tr>\n    <tr>\n      <td style=\"border: 1px solid #000; padding: 8px;\">A4 noir et blanc au-del\u00e0 de 650 impressions (la copie)<\/td>\n      <td style=\"border: 1px solid #000; padding: 8px;\">0,05\u20ac<\/td>\n    <\/tr>\n    <tr>\n      <td style=\"border: 1px solid #000; padding: 8px;\">A4 couleur (650 impressions)<\/td>\n      <td style=\"border: 1px solid #000; padding: 8px;\">40,00\u20ac<\/td>\n    <\/tr>\n    <tr>\n      <td style=\"border: 1px solid #000; padding: 8px;\">A3 noir et blanc (la copie)<\/td>\n      <td style=\"border: 1px solid #000; padding: 8px;\">0,10\u20ac<\/td>\n    <\/tr>\n    <tr>\n      <td style=\"border: 1px solid #000; padding: 8px;\">A3 couleur (la copie)<\/td>\n      <td style=\"border: 1px solid #000; padding: 8px;\">0,25\u20ac<\/td>\n    <\/tr>\n  <\/tbody>\n<\/table>\n","protected":false},"excerpt":{"rendered":"<p>| R\u00e9gie des services \u00e0 la population R\u00e9gie des services \u00e0 la population Type d\u2019impression TARIFS 2026 Photocopie format A4 sur papier blanc Noir et blanc 0,15\u20ac Couleur 0,25\u20ac Photocopie format A3 sur papier blanc Noir et blanc 0,25\u20ac Couleur 0,35\u20ac Forfait aux associations Haverskerquoises (impression sur papier blanc) A4 noir et blanc (650 impressions) Gratuit A4 noir et blanc au-del\u00e0 de 650 impressions (la copie) 0,05\u20ac A4 couleur (650 impressions) 40,00\u20ac A3 noir et blanc (la copie) 0,10\u20ac A3 couleur (la copie) 0,25\u20ac<\/p>\n","protected":false},"author":1,"featured_media":0,"parent":0,"menu_order":0,"comment_status":"closed","ping_status":"closed","template":"","meta":{"cybocfi_hide_featured_image":"","footnotes":""},"class_list":["post-3493","page","type-page","status-publish","hentry"],"yoast_head":"<!-- This site is optimized with the Yoast SEO plugin v27.5 - https:\/\/yoast.com\/product\/yoast-seo-wordpress\/ -->\n<title>Autres services * Haverskerque, 100% Nature !*<\/title>\n<meta name=\"robots\" content=\"index, follow, max-snippet:-1, max-image-preview:large, max-video-preview:-1\" \/>\n<link rel=\"canonical\" href=\"https:\/\/www.haverskerque.fr\/index.php\/autres-services\/\" \/>\n<meta property=\"og:locale\" content=\"fr_FR\" \/>\n<meta property=\"og:type\" content=\"article\" \/>\n<meta property=\"og:title\" content=\"Autres services * Haverskerque, 100% Nature !*\" \/>\n<meta property=\"og:description\" content=\"| R\u00e9gie des services \u00e0 la population R\u00e9gie des services \u00e0 la population Type d\u2019impression TARIFS 2026 Photocopie format A4 sur papier blanc Noir et blanc 0,15\u20ac Couleur 0,25\u20ac Photocopie format A3 sur papier blanc Noir et blanc 0,25\u20ac Couleur 0,35\u20ac Forfait aux associations Haverskerquoises (impression sur papier blanc) A4 noir et blanc (650 impressions) Gratuit A4 noir et blanc au-del\u00e0 de 650 impressions (la copie) 0,05\u20ac A4 couleur (650 impressions) 40,00\u20ac A3 noir et blanc (la copie) 0,10\u20ac A3 couleur (la copie) 0,25\u20ac\" \/>\n<meta property=\"og:url\" content=\"https:\/\/www.haverskerque.fr\/index.php\/autres-services\/\" \/>\n<meta property=\"og:site_name\" content=\"Haverskerque, 100% Nature !*\" \/>\n<meta property=\"article:publisher\" content=\"https:\/\/www.facebook.com\/communehaverskerque\" \/>\n<meta property=\"article:modified_time\" content=\"2025-12-19T13:19:44+00:00\" \/>\n<meta property=\"og:image\" content=\"https:\/\/www.haverskerque.fr\/wp-content\/uploads\/2023\/02\/bandeblanche.jpg\" \/>\n\t<meta property=\"og:image:width\" content=\"593\" \/>\n\t<meta property=\"og:image:height\" content=\"45\" \/>\n\t<meta property=\"og:image:type\" content=\"image\/jpeg\" \/>\n<meta name=\"twitter:card\" content=\"summary_large_image\" \/>\n<meta name=\"twitter:label1\" content=\"Dur\u00e9e de lecture estim\u00e9e\" \/>\n\t<meta name=\"twitter:data1\" content=\"1 minute\" \/>\n<script type=\"application\/ld+json\" class=\"yoast-schema-graph\">{\"@context\":\"https:\\\/\\\/schema.org\",\"@graph\":[{\"@type\":\"WebPage\",\"@id\":\"https:\\\/\\\/www.haverskerque.fr\\\/index.php\\\/autres-services\\\/\",\"url\":\"https:\\\/\\\/www.haverskerque.fr\\\/index.php\\\/autres-services\\\/\",\"name\":\"Autres services * Haverskerque, 100% Nature !*\",\"isPartOf\":{\"@id\":\"https:\\\/\\\/haverskerque.fr\\\/#website\"},\"primaryImageOfPage\":{\"@id\":\"https:\\\/\\\/www.haverskerque.fr\\\/index.php\\\/autres-services\\\/#primaryimage\"},\"image\":{\"@id\":\"https:\\\/\\\/www.haverskerque.fr\\\/index.php\\\/autres-services\\\/#primaryimage\"},\"thumbnailUrl\":\"https:\\\/\\\/haverskerque.fr\\\/wp-content\\\/uploads\\\/2023\\\/02\\\/bandeblanche.jpg\",\"datePublished\":\"2023-06-26T14:04:25+00:00\",\"dateModified\":\"2025-12-19T13:19:44+00:00\",\"breadcrumb\":{\"@id\":\"https:\\\/\\\/www.haverskerque.fr\\\/index.php\\\/autres-services\\\/#breadcrumb\"},\"inLanguage\":\"fr-FR\",\"potentialAction\":[{\"@type\":\"ReadAction\",\"target\":[\"https:\\\/\\\/www.haverskerque.fr\\\/index.php\\\/autres-services\\\/\"]}]},{\"@type\":\"ImageObject\",\"inLanguage\":\"fr-FR\",\"@id\":\"https:\\\/\\\/www.haverskerque.fr\\\/index.php\\\/autres-services\\\/#primaryimage\",\"url\":\"https:\\\/\\\/haverskerque.fr\\\/wp-content\\\/uploads\\\/2023\\\/02\\\/bandeblanche.jpg\",\"contentUrl\":\"https:\\\/\\\/haverskerque.fr\\\/wp-content\\\/uploads\\\/2023\\\/02\\\/bandeblanche.jpg\"},{\"@type\":\"BreadcrumbList\",\"@id\":\"https:\\\/\\\/www.haverskerque.fr\\\/index.php\\\/autres-services\\\/#breadcrumb\",\"itemListElement\":[{\"@type\":\"ListItem\",\"position\":1,\"name\":\"Accueil\",\"item\":\"https:\\\/\\\/www.haverskerque.fr\\\/\"},{\"@type\":\"ListItem\",\"position\":2,\"name\":\"Autres services\"}]},{\"@type\":\"WebSite\",\"@id\":\"https:\\\/\\\/haverskerque.fr\\\/#website\",\"url\":\"https:\\\/\\\/haverskerque.fr\\\/\",\"name\":\"Haverskerque\",\"description\":\"Haverskerque, 100% Nature !\",\"publisher\":{\"@id\":\"https:\\\/\\\/haverskerque.fr\\\/#organization\"},\"alternateName\":\"Haverskerque\",\"potentialAction\":[{\"@type\":\"SearchAction\",\"target\":{\"@type\":\"EntryPoint\",\"urlTemplate\":\"https:\\\/\\\/haverskerque.fr\\\/?s={search_term_string}\"},\"query-input\":{\"@type\":\"PropertyValueSpecification\",\"valueRequired\":true,\"valueName\":\"search_term_string\"}}],\"inLanguage\":\"fr-FR\"},{\"@type\":\"Organization\",\"@id\":\"https:\\\/\\\/haverskerque.fr\\\/#organization\",\"name\":\"Commune d'Haverskerque\",\"alternateName\":\"Commune d'Haverskerque\",\"url\":\"https:\\\/\\\/haverskerque.fr\\\/\",\"logo\":{\"@type\":\"ImageObject\",\"inLanguage\":\"fr-FR\",\"@id\":\"https:\\\/\\\/haverskerque.fr\\\/#\\\/schema\\\/logo\\\/image\\\/\",\"url\":\"https:\\\/\\\/haverskerque.fr\\\/wp-content\\\/uploads\\\/2024\\\/01\\\/siteon0-e5814-1.png\",\"contentUrl\":\"https:\\\/\\\/haverskerque.fr\\\/wp-content\\\/uploads\\\/2024\\\/01\\\/siteon0-e5814-1.png\",\"width\":236,\"height\":102,\"caption\":\"Commune d'Haverskerque\"},\"image\":{\"@id\":\"https:\\\/\\\/haverskerque.fr\\\/#\\\/schema\\\/logo\\\/image\\\/\"},\"sameAs\":[\"https:\\\/\\\/www.facebook.com\\\/communehaverskerque\",\"https:\\\/\\\/www.instagram.com\\\/communehaverskerque\\\/\"]}]}<\/script>\n<!-- \/ Yoast SEO plugin. -->","yoast_head_json":{"title":"Autres services * Haverskerque, 100% Nature !*","robots":{"index":"index","follow":"follow","max-snippet":"max-snippet:-1","max-image-preview":"max-image-preview:large","max-video-preview":"max-video-preview:-1"},"canonical":"https:\/\/www.haverskerque.fr\/index.php\/autres-services\/","og_locale":"fr_FR","og_type":"article","og_title":"Autres services * Haverskerque, 100% Nature !*","og_description":"| R\u00e9gie des services \u00e0 la population R\u00e9gie des services \u00e0 la population Type d\u2019impression TARIFS 2026 Photocopie format A4 sur papier blanc Noir et blanc 0,15\u20ac Couleur 0,25\u20ac Photocopie format A3 sur papier blanc Noir et blanc 0,25\u20ac Couleur 0,35\u20ac Forfait aux associations Haverskerquoises (impression sur papier blanc) A4 noir et blanc (650 impressions) Gratuit A4 noir et blanc au-del\u00e0 de 650 impressions (la copie) 0,05\u20ac A4 couleur (650 impressions) 40,00\u20ac A3 noir et blanc (la copie) 0,10\u20ac A3 couleur (la copie) 0,25\u20ac","og_url":"https:\/\/www.haverskerque.fr\/index.php\/autres-services\/","og_site_name":"Haverskerque, 100% Nature !*","article_publisher":"https:\/\/www.facebook.com\/communehaverskerque","article_modified_time":"2025-12-19T13:19:44+00:00","og_image":[{"width":593,"height":45,"url":"https:\/\/www.haverskerque.fr\/wp-content\/uploads\/2023\/02\/bandeblanche.jpg","type":"image\/jpeg"}],"twitter_card":"summary_large_image","twitter_misc":{"Dur\u00e9e de lecture estim\u00e9e":"1 minute"},"schema":{"@context":"https:\/\/schema.org","@graph":[{"@type":"WebPage","@id":"https:\/\/www.haverskerque.fr\/index.php\/autres-services\/","url":"https:\/\/www.haverskerque.fr\/index.php\/autres-services\/","name":"Autres services * Haverskerque, 100% Nature !*","isPartOf":{"@id":"https:\/\/haverskerque.fr\/#website"},"primaryImageOfPage":{"@id":"https:\/\/www.haverskerque.fr\/index.php\/autres-services\/#primaryimage"},"image":{"@id":"https:\/\/www.haverskerque.fr\/index.php\/autres-services\/#primaryimage"},"thumbnailUrl":"https:\/\/haverskerque.fr\/wp-content\/uploads\/2023\/02\/bandeblanche.jpg","datePublished":"2023-06-26T14:04:25+00:00","dateModified":"2025-12-19T13:19:44+00:00","breadcrumb":{"@id":"https:\/\/www.haverskerque.fr\/index.php\/autres-services\/#breadcrumb"},"inLanguage":"fr-FR","potentialAction":[{"@type":"ReadAction","target":["https:\/\/www.haverskerque.fr\/index.php\/autres-services\/"]}]},{"@type":"ImageObject","inLanguage":"fr-FR","@id":"https:\/\/www.haverskerque.fr\/index.php\/autres-services\/#primaryimage","url":"https:\/\/haverskerque.fr\/wp-content\/uploads\/2023\/02\/bandeblanche.jpg","contentUrl":"https:\/\/haverskerque.fr\/wp-content\/uploads\/2023\/02\/bandeblanche.jpg"},{"@type":"BreadcrumbList","@id":"https:\/\/www.haverskerque.fr\/index.php\/autres-services\/#breadcrumb","itemListElement":[{"@type":"ListItem","position":1,"name":"Accueil","item":"https:\/\/www.haverskerque.fr\/"},{"@type":"ListItem","position":2,"name":"Autres services"}]},{"@type":"WebSite","@id":"https:\/\/haverskerque.fr\/#website","url":"https:\/\/haverskerque.fr\/","name":"Haverskerque","description":"Haverskerque, 100% Nature !","publisher":{"@id":"https:\/\/haverskerque.fr\/#organization"},"alternateName":"Haverskerque","potentialAction":[{"@type":"SearchAction","target":{"@type":"EntryPoint","urlTemplate":"https:\/\/haverskerque.fr\/?s={search_term_string}"},"query-input":{"@type":"PropertyValueSpecification","valueRequired":true,"valueName":"search_term_string"}}],"inLanguage":"fr-FR"},{"@type":"Organization","@id":"https:\/\/haverskerque.fr\/#organization","name":"Commune d'Haverskerque","alternateName":"Commune d'Haverskerque","url":"https:\/\/haverskerque.fr\/","logo":{"@type":"ImageObject","inLanguage":"fr-FR","@id":"https:\/\/haverskerque.fr\/#\/schema\/logo\/image\/","url":"https:\/\/haverskerque.fr\/wp-content\/uploads\/2024\/01\/siteon0-e5814-1.png","contentUrl":"https:\/\/haverskerque.fr\/wp-content\/uploads\/2024\/01\/siteon0-e5814-1.png","width":236,"height":102,"caption":"Commune d'Haverskerque"},"image":{"@id":"https:\/\/haverskerque.fr\/#\/schema\/logo\/image\/"},"sameAs":["https:\/\/www.facebook.com\/communehaverskerque","https:\/\/www.instagram.com\/communehaverskerque\/"]}]}},"_links":{"self":[{"href":"https:\/\/www.haverskerque.fr\/index.php\/wp-json\/wp\/v2\/pages\/3493","targetHints":{"allow":["GET"]}}],"collection":[{"href":"https:\/\/www.haverskerque.fr\/index.php\/wp-json\/wp\/v2\/pages"}],"about":[{"href":"https:\/\/www.haverskerque.fr\/index.php\/wp-json\/wp\/v2\/types\/page"}],"author":[{"embeddable":true,"href":"https:\/\/www.haverskerque.fr\/index.php\/wp-json\/wp\/v2\/users\/1"}],"replies":[{"embeddable":true,"href":"https:\/\/www.haverskerque.fr\/index.php\/wp-json\/wp\/v2\/comments?post=3493"}],"version-history":[{"count":17,"href":"https:\/\/www.haverskerque.fr\/index.php\/wp-json\/wp\/v2\/pages\/3493\/revisions"}],"predecessor-version":[{"id":9918,"href":"https:\/\/www.haverskerque.fr\/index.php\/wp-json\/wp\/v2\/pages\/3493\/revisions\/9918"}],"wp:attachment":[{"href":"https:\/\/www.haverskerque.fr\/index.php\/wp-json\/wp\/v2\/media?parent=3493"}],"curies":[{"name":"wp","href":"https:\/\/api.w.org\/{rel}","templated":true}]}}