{"id":3439,"date":"2023-06-26T15:10:55","date_gmt":"2023-06-26T13:10:55","guid":{"rendered":"http:\/\/barbry.esy.es\/?page_id=3439"},"modified":"2024-06-06T14:13:21","modified_gmt":"2024-06-06T12:13:21","slug":"cimetiere-anglais","status":"publish","type":"page","link":"https:\/\/www.haverskerque.fr\/index.php\/cimetiere-anglais\/","title":{"rendered":"Cimeti\u00e8re anglais"},"content":{"rendered":"<div class=\"wp-block-image is-resized\">\n<figure class=\"aligncenter size-large\"><img loading=\"lazy\" decoding=\"async\" width=\"1024\" height=\"576\" src=\"http:\/\/barbry.esy.es\/wp-content\/uploads\/2023\/12\/Cimetiere-anglais-1024x576.png\" alt=\"\" class=\"wp-image-6307\" style=\"object-fit:cover;width:700px;height:393px\" srcset=\"https:\/\/www.haverskerque.fr\/wp-content\/uploads\/2023\/12\/Cimetiere-anglais-1024x576.png 1024w, https:\/\/www.haverskerque.fr\/wp-content\/uploads\/2023\/12\/Cimetiere-anglais-300x169.png 300w, https:\/\/www.haverskerque.fr\/wp-content\/uploads\/2023\/12\/Cimetiere-anglais-768x432.png 768w, https:\/\/www.haverskerque.fr\/wp-content\/uploads\/2023\/12\/Cimetiere-anglais-1536x864.png 1536w, https:\/\/www.haverskerque.fr\/wp-content\/uploads\/2023\/12\/Cimetiere-anglais-1140x641.png 1140w, https:\/\/www.haverskerque.fr\/wp-content\/uploads\/2023\/12\/Cimetiere-anglais.png 1920w\" sizes=\"auto, (max-width: 1024px) 100vw, 1024px\" \/><\/figure>\n<\/div>\n\n\n<figure class=\"wp-block-image size-full\"><img loading=\"lazy\" decoding=\"async\" width=\"593\" height=\"45\" src=\"https:\/\/haverskerque.fr\/wp-content\/uploads\/2023\/02\/bandeblanche.jpg\" alt=\"\" class=\"wp-image-381\" srcset=\"https:\/\/www.haverskerque.fr\/wp-content\/uploads\/2023\/02\/bandeblanche.jpg 593w, https:\/\/www.haverskerque.fr\/wp-content\/uploads\/2023\/02\/bandeblanche-300x23.jpg 300w\" sizes=\"auto, (max-width: 593px) 100vw, 593px\" \/><\/figure>\n\n\n\n<p><mark style=\"background-color:rgba(0, 0, 0, 0);color:#00a018\" class=\"has-inline-color\">|<\/mark> <em>Cimeti\u00e8re militaire de la Premi\u00e8re Guerre Mondiale, situ\u00e9 rue du Colonel Harrison, pr\u00e8s du hameau \u00ab\u00a0Le Corbie\u00a0\u00bb.<\/em><\/p>\n\n\n\n<figure class=\"wp-block-image size-full\"><img loading=\"lazy\" decoding=\"async\" width=\"593\" height=\"45\" src=\"https:\/\/haverskerque.fr\/wp-content\/uploads\/2023\/02\/bandeblanche.jpg\" alt=\"\" class=\"wp-image-381\" srcset=\"https:\/\/www.haverskerque.fr\/wp-content\/uploads\/2023\/02\/bandeblanche.jpg 593w, https:\/\/www.haverskerque.fr\/wp-content\/uploads\/2023\/02\/bandeblanche-300x23.jpg 300w\" sizes=\"auto, (max-width: 593px) 100vw, 593px\" \/><\/figure>\n\n\n\n<p>Haverskerque est rest\u00e9 aux mains des Britanniques d\u2019octobre 1914 \u00e0 la fin de la guerre, mais d\u2019avril \u00e0 ao\u00fbt 1918, la ville se trouvait \u00e0 moins de 5 km de la ligne de front. <\/p>\n\n\n\n<p>Le cimeti\u00e8re a \u00e9t\u00e9 inaugur\u00e9 en mars 1918 par les 33e et 54e postes de d\u00e9gagement de victimes, et exploit\u00e9 par des unit\u00e9s combattantes au cours de la bataille de la Lys.<\/p>\n\n\n\n<p>Apr\u00e8s l\u2019armistice, un petit nombre de tombes ont \u00e9t\u00e9 rapport\u00e9es de positions isol\u00e9es et deux tombes portugaises ont \u00e9t\u00e9 enlev\u00e9es. <\/p>\n\n\n\n<p>Concernant la Premi\u00e8re Guerre Mondiale, le cimeti\u00e8re contient les tombes de 89 soldats et aviateurs britanniques et d&rsquo;un aviateur allemand. <\/p>\n\n\n\n<p>Pour la Seconde Guerre Mondiale, le cimeti\u00e8re compte 40 tombes de soldats britanniques ainsi que 7 tombes d&rsquo;aviateurs dont 5 sont britanniques et 2 n\u00e9o-z\u00e9landais. <\/p>\n\n\n\n<p>Treize tombes de la guerre de 1914-1918 ne peuvent pas \u00eatre localis\u00e9es et sont repr\u00e9sent\u00e9es par des monuments comm\u00e9moratifs sp\u00e9ciaux et par cinq pierres tombales non nomm\u00e9es. <\/p>\n\n\n\n<p>S&rsquo;agissant de la Seconde Guerre Mondiale, plus de vingt personnes ne sont pas identifi\u00e9es. <\/p>\n\n\n\n<p>Le cimeti\u00e8re couvre une superficie de 403m\u00b2 et est entour\u00e9 d\u2019un mur de pierres. Le terrain a \u00e9t\u00e9 conc\u00e9d\u00e9 \u00e0 l\u2019Angleterre et est entretenu par la <strong><a href=\"https:\/\/www.cwgc.org\" target=\"_blank\" rel=\"noreferrer noopener\">Commonwealth War Graves Commission (CGWC)<\/a><\/strong>.<\/p>\n\n\n\n<p>Plus d\u2019informations sont disponibles au sein du cimeti\u00e8re.<\/p>\n\n\n\n<figure class=\"wp-block-image size-full\"><img loading=\"lazy\" decoding=\"async\" width=\"593\" height=\"45\" src=\"https:\/\/haverskerque.fr\/wp-content\/uploads\/2023\/02\/bandeblanche.jpg\" alt=\"\" class=\"wp-image-381\" srcset=\"https:\/\/www.haverskerque.fr\/wp-content\/uploads\/2023\/02\/bandeblanche.jpg 593w, https:\/\/www.haverskerque.fr\/wp-content\/uploads\/2023\/02\/bandeblanche-300x23.jpg 300w\" sizes=\"auto, (max-width: 593px) 100vw, 593px\" \/><\/figure>\n\n\n<div class=\"wp-block-image\">\n<figure class=\"aligncenter size-large is-resized\"><img loading=\"lazy\" decoding=\"async\" width=\"1024\" height=\"576\" src=\"https:\/\/haverskerque.fr\/wp-content\/uploads\/2024\/02\/Cimetiere-anglais_2-1024x576.png\" alt=\"\" class=\"wp-image-7352\" style=\"object-fit:cover;width:700px;height:393px\" srcset=\"https:\/\/www.haverskerque.fr\/wp-content\/uploads\/2024\/02\/Cimetiere-anglais_2-1024x576.png 1024w, https:\/\/www.haverskerque.fr\/wp-content\/uploads\/2024\/02\/Cimetiere-anglais_2-300x169.png 300w, https:\/\/www.haverskerque.fr\/wp-content\/uploads\/2024\/02\/Cimetiere-anglais_2-768x432.png 768w, https:\/\/www.haverskerque.fr\/wp-content\/uploads\/2024\/02\/Cimetiere-anglais_2-1536x864.png 1536w, https:\/\/www.haverskerque.fr\/wp-content\/uploads\/2024\/02\/Cimetiere-anglais_2-1140x641.png 1140w, https:\/\/www.haverskerque.fr\/wp-content\/uploads\/2024\/02\/Cimetiere-anglais_2.png 1920w\" sizes=\"auto, (max-width: 1024px) 100vw, 1024px\" \/><\/figure>\n<\/div>","protected":false},"excerpt":{"rendered":"<p>| Cimeti\u00e8re militaire de la Premi\u00e8re Guerre Mondiale, situ\u00e9 rue du Colonel Harrison, pr\u00e8s du hameau \u00ab\u00a0Le Corbie\u00a0\u00bb. Haverskerque est rest\u00e9 aux mains des Britanniques d\u2019octobre 1914 \u00e0 la fin de la guerre, mais d\u2019avril \u00e0 ao\u00fbt 1918, la ville se trouvait \u00e0 moins de 5 km de la ligne de front. Le cimeti\u00e8re a \u00e9t\u00e9 inaugur\u00e9 en mars 1918 par les 33e et 54e postes de d\u00e9gagement de victimes, et exploit\u00e9 par des unit\u00e9s combattantes au cours de la bataille de la Lys. Apr\u00e8s l\u2019armistice, un petit nombre de tombes ont \u00e9t\u00e9 rapport\u00e9es de positions isol\u00e9es et deux tombes portugaises ont \u00e9t\u00e9 enlev\u00e9es. Concernant la Premi\u00e8re Guerre Mondiale, le cimeti\u00e8re contient les tombes de 89 soldats et aviateurs britanniques et d&rsquo;un aviateur allemand. Pour la Seconde Guerre Mondiale, le cimeti\u00e8re compte 40 tombes de soldats britanniques ainsi que 7 tombes d&rsquo;aviateurs dont 5 sont britanniques et 2 n\u00e9o-z\u00e9landais. Treize tombes de la guerre de 1914-1918 ne peuvent pas \u00eatre localis\u00e9es et sont repr\u00e9sent\u00e9es par des monuments comm\u00e9moratifs sp\u00e9ciaux et par cinq pierres tombales non nomm\u00e9es. S&rsquo;agissant de la Seconde Guerre Mondiale, plus de vingt personnes ne sont pas identifi\u00e9es. Le cimeti\u00e8re couvre une superficie de 403m\u00b2 et est entour\u00e9 d\u2019un mur de pierres. Le terrain a \u00e9t\u00e9 conc\u00e9d\u00e9 \u00e0 l\u2019Angleterre et est entretenu par la Commonwealth War Graves Commission (CGWC). Plus d\u2019informations sont disponibles au sein du cimeti\u00e8re.<\/p>\n","protected":false},"author":1,"featured_media":0,"parent":0,"menu_order":0,"comment_status":"closed","ping_status":"closed","template":"","meta":{"cybocfi_hide_featured_image":"","footnotes":""},"class_list":["post-3439","page","type-page","status-publish","hentry"],"yoast_head":"<!-- This site is optimized with the Yoast SEO plugin v27.5 - https:\/\/yoast.com\/product\/yoast-seo-wordpress\/ -->\n<title>Cimeti\u00e8re anglais * Haverskerque, 100% Nature !*<\/title>\n<meta name=\"robots\" content=\"index, follow, max-snippet:-1, max-image-preview:large, max-video-preview:-1\" \/>\n<link rel=\"canonical\" href=\"https:\/\/www.haverskerque.fr\/index.php\/cimetiere-anglais\/\" \/>\n<meta property=\"og:locale\" content=\"fr_FR\" \/>\n<meta property=\"og:type\" content=\"article\" \/>\n<meta property=\"og:title\" content=\"Cimeti\u00e8re anglais * Haverskerque, 100% Nature !*\" \/>\n<meta property=\"og:description\" content=\"| Cimeti\u00e8re militaire de la Premi\u00e8re Guerre Mondiale, situ\u00e9 rue du Colonel Harrison, pr\u00e8s du hameau \u00ab\u00a0Le Corbie\u00a0\u00bb. Haverskerque est rest\u00e9 aux mains des Britanniques d\u2019octobre 1914 \u00e0 la fin de la guerre, mais d\u2019avril \u00e0 ao\u00fbt 1918, la ville se trouvait \u00e0 moins de 5 km de la ligne de front. Le cimeti\u00e8re a \u00e9t\u00e9 inaugur\u00e9 en mars 1918 par les 33e et 54e postes de d\u00e9gagement de victimes, et exploit\u00e9 par des unit\u00e9s combattantes au cours de la bataille de la Lys. Apr\u00e8s l\u2019armistice, un petit nombre de tombes ont \u00e9t\u00e9 rapport\u00e9es de positions isol\u00e9es et deux tombes portugaises ont \u00e9t\u00e9 enlev\u00e9es. Concernant la Premi\u00e8re Guerre Mondiale, le cimeti\u00e8re contient les tombes de 89 soldats et aviateurs britanniques et d&rsquo;un aviateur allemand. Pour la Seconde Guerre Mondiale, le cimeti\u00e8re compte 40 tombes de soldats britanniques ainsi que 7 tombes d&rsquo;aviateurs dont 5 sont britanniques et 2 n\u00e9o-z\u00e9landais. Treize tombes de la guerre de 1914-1918 ne peuvent pas \u00eatre localis\u00e9es et sont repr\u00e9sent\u00e9es par des monuments comm\u00e9moratifs sp\u00e9ciaux et par cinq pierres tombales non nomm\u00e9es. S&rsquo;agissant de la Seconde Guerre Mondiale, plus de vingt personnes ne sont pas identifi\u00e9es. Le cimeti\u00e8re couvre une superficie de 403m\u00b2 et est entour\u00e9 d\u2019un mur de pierres. Le terrain a \u00e9t\u00e9 conc\u00e9d\u00e9 \u00e0 l\u2019Angleterre et est entretenu par la Commonwealth War Graves Commission (CGWC). Plus d\u2019informations sont disponibles au sein du cimeti\u00e8re.\" \/>\n<meta property=\"og:url\" content=\"https:\/\/www.haverskerque.fr\/index.php\/cimetiere-anglais\/\" \/>\n<meta property=\"og:site_name\" content=\"Haverskerque, 100% Nature !*\" \/>\n<meta property=\"article:publisher\" content=\"https:\/\/www.facebook.com\/communehaverskerque\" \/>\n<meta property=\"article:modified_time\" content=\"2024-06-06T12:13:21+00:00\" \/>\n<meta property=\"og:image\" content=\"http:\/\/barbry.esy.es\/wp-content\/uploads\/2023\/12\/Cimetiere-anglais-1024x576.png\" \/>\n<meta name=\"twitter:card\" content=\"summary_large_image\" \/>\n<meta name=\"twitter:label1\" content=\"Dur\u00e9e de lecture estim\u00e9e\" \/>\n\t<meta name=\"twitter:data1\" content=\"3 minutes\" \/>\n<script type=\"application\/ld+json\" class=\"yoast-schema-graph\">{\"@context\":\"https:\\\/\\\/schema.org\",\"@graph\":[{\"@type\":\"WebPage\",\"@id\":\"https:\\\/\\\/www.haverskerque.fr\\\/index.php\\\/cimetiere-anglais\\\/\",\"url\":\"https:\\\/\\\/www.haverskerque.fr\\\/index.php\\\/cimetiere-anglais\\\/\",\"name\":\"Cimeti\u00e8re anglais * Haverskerque, 100% Nature !*\",\"isPartOf\":{\"@id\":\"https:\\\/\\\/haverskerque.fr\\\/#website\"},\"primaryImageOfPage\":{\"@id\":\"https:\\\/\\\/www.haverskerque.fr\\\/index.php\\\/cimetiere-anglais\\\/#primaryimage\"},\"image\":{\"@id\":\"https:\\\/\\\/www.haverskerque.fr\\\/index.php\\\/cimetiere-anglais\\\/#primaryimage\"},\"thumbnailUrl\":\"http:\\\/\\\/barbry.esy.es\\\/wp-content\\\/uploads\\\/2023\\\/12\\\/Cimetiere-anglais-1024x576.png\",\"datePublished\":\"2023-06-26T13:10:55+00:00\",\"dateModified\":\"2024-06-06T12:13:21+00:00\",\"breadcrumb\":{\"@id\":\"https:\\\/\\\/www.haverskerque.fr\\\/index.php\\\/cimetiere-anglais\\\/#breadcrumb\"},\"inLanguage\":\"fr-FR\",\"potentialAction\":[{\"@type\":\"ReadAction\",\"target\":[\"https:\\\/\\\/www.haverskerque.fr\\\/index.php\\\/cimetiere-anglais\\\/\"]}]},{\"@type\":\"ImageObject\",\"inLanguage\":\"fr-FR\",\"@id\":\"https:\\\/\\\/www.haverskerque.fr\\\/index.php\\\/cimetiere-anglais\\\/#primaryimage\",\"url\":\"http:\\\/\\\/barbry.esy.es\\\/wp-content\\\/uploads\\\/2023\\\/12\\\/Cimetiere-anglais-1024x576.png\",\"contentUrl\":\"http:\\\/\\\/barbry.esy.es\\\/wp-content\\\/uploads\\\/2023\\\/12\\\/Cimetiere-anglais-1024x576.png\"},{\"@type\":\"BreadcrumbList\",\"@id\":\"https:\\\/\\\/www.haverskerque.fr\\\/index.php\\\/cimetiere-anglais\\\/#breadcrumb\",\"itemListElement\":[{\"@type\":\"ListItem\",\"position\":1,\"name\":\"Accueil\",\"item\":\"https:\\\/\\\/www.haverskerque.fr\\\/\"},{\"@type\":\"ListItem\",\"position\":2,\"name\":\"Cimeti\u00e8re anglais\"}]},{\"@type\":\"WebSite\",\"@id\":\"https:\\\/\\\/haverskerque.fr\\\/#website\",\"url\":\"https:\\\/\\\/haverskerque.fr\\\/\",\"name\":\"Haverskerque\",\"description\":\"Haverskerque, 100% Nature !\",\"publisher\":{\"@id\":\"https:\\\/\\\/haverskerque.fr\\\/#organization\"},\"alternateName\":\"Haverskerque\",\"potentialAction\":[{\"@type\":\"SearchAction\",\"target\":{\"@type\":\"EntryPoint\",\"urlTemplate\":\"https:\\\/\\\/haverskerque.fr\\\/?s={search_term_string}\"},\"query-input\":{\"@type\":\"PropertyValueSpecification\",\"valueRequired\":true,\"valueName\":\"search_term_string\"}}],\"inLanguage\":\"fr-FR\"},{\"@type\":\"Organization\",\"@id\":\"https:\\\/\\\/haverskerque.fr\\\/#organization\",\"name\":\"Commune d'Haverskerque\",\"alternateName\":\"Commune d'Haverskerque\",\"url\":\"https:\\\/\\\/haverskerque.fr\\\/\",\"logo\":{\"@type\":\"ImageObject\",\"inLanguage\":\"fr-FR\",\"@id\":\"https:\\\/\\\/haverskerque.fr\\\/#\\\/schema\\\/logo\\\/image\\\/\",\"url\":\"https:\\\/\\\/haverskerque.fr\\\/wp-content\\\/uploads\\\/2024\\\/01\\\/siteon0-e5814-1.png\",\"contentUrl\":\"https:\\\/\\\/haverskerque.fr\\\/wp-content\\\/uploads\\\/2024\\\/01\\\/siteon0-e5814-1.png\",\"width\":236,\"height\":102,\"caption\":\"Commune d'Haverskerque\"},\"image\":{\"@id\":\"https:\\\/\\\/haverskerque.fr\\\/#\\\/schema\\\/logo\\\/image\\\/\"},\"sameAs\":[\"https:\\\/\\\/www.facebook.com\\\/communehaverskerque\",\"https:\\\/\\\/www.instagram.com\\\/communehaverskerque\\\/\"]}]}<\/script>\n<!-- \/ Yoast SEO plugin. -->","yoast_head_json":{"title":"Cimeti\u00e8re anglais * Haverskerque, 100% Nature !*","robots":{"index":"index","follow":"follow","max-snippet":"max-snippet:-1","max-image-preview":"max-image-preview:large","max-video-preview":"max-video-preview:-1"},"canonical":"https:\/\/www.haverskerque.fr\/index.php\/cimetiere-anglais\/","og_locale":"fr_FR","og_type":"article","og_title":"Cimeti\u00e8re anglais * Haverskerque, 100% Nature !*","og_description":"| Cimeti\u00e8re militaire de la Premi\u00e8re Guerre Mondiale, situ\u00e9 rue du Colonel Harrison, pr\u00e8s du hameau \u00ab\u00a0Le Corbie\u00a0\u00bb. Haverskerque est rest\u00e9 aux mains des Britanniques d\u2019octobre 1914 \u00e0 la fin de la guerre, mais d\u2019avril \u00e0 ao\u00fbt 1918, la ville se trouvait \u00e0 moins de 5 km de la ligne de front. Le cimeti\u00e8re a \u00e9t\u00e9 inaugur\u00e9 en mars 1918 par les 33e et 54e postes de d\u00e9gagement de victimes, et exploit\u00e9 par des unit\u00e9s combattantes au cours de la bataille de la Lys. Apr\u00e8s l\u2019armistice, un petit nombre de tombes ont \u00e9t\u00e9 rapport\u00e9es de positions isol\u00e9es et deux tombes portugaises ont \u00e9t\u00e9 enlev\u00e9es. Concernant la Premi\u00e8re Guerre Mondiale, le cimeti\u00e8re contient les tombes de 89 soldats et aviateurs britanniques et d&rsquo;un aviateur allemand. Pour la Seconde Guerre Mondiale, le cimeti\u00e8re compte 40 tombes de soldats britanniques ainsi que 7 tombes d&rsquo;aviateurs dont 5 sont britanniques et 2 n\u00e9o-z\u00e9landais. Treize tombes de la guerre de 1914-1918 ne peuvent pas \u00eatre localis\u00e9es et sont repr\u00e9sent\u00e9es par des monuments comm\u00e9moratifs sp\u00e9ciaux et par cinq pierres tombales non nomm\u00e9es. S&rsquo;agissant de la Seconde Guerre Mondiale, plus de vingt personnes ne sont pas identifi\u00e9es. Le cimeti\u00e8re couvre une superficie de 403m\u00b2 et est entour\u00e9 d\u2019un mur de pierres. Le terrain a \u00e9t\u00e9 conc\u00e9d\u00e9 \u00e0 l\u2019Angleterre et est entretenu par la Commonwealth War Graves Commission (CGWC). Plus d\u2019informations sont disponibles au sein du cimeti\u00e8re.","og_url":"https:\/\/www.haverskerque.fr\/index.php\/cimetiere-anglais\/","og_site_name":"Haverskerque, 100% Nature !*","article_publisher":"https:\/\/www.facebook.com\/communehaverskerque","article_modified_time":"2024-06-06T12:13:21+00:00","og_image":[{"url":"http:\/\/barbry.esy.es\/wp-content\/uploads\/2023\/12\/Cimetiere-anglais-1024x576.png","type":"","width":"","height":""}],"twitter_card":"summary_large_image","twitter_misc":{"Dur\u00e9e de lecture estim\u00e9e":"3 minutes"},"schema":{"@context":"https:\/\/schema.org","@graph":[{"@type":"WebPage","@id":"https:\/\/www.haverskerque.fr\/index.php\/cimetiere-anglais\/","url":"https:\/\/www.haverskerque.fr\/index.php\/cimetiere-anglais\/","name":"Cimeti\u00e8re anglais * Haverskerque, 100% Nature !*","isPartOf":{"@id":"https:\/\/haverskerque.fr\/#website"},"primaryImageOfPage":{"@id":"https:\/\/www.haverskerque.fr\/index.php\/cimetiere-anglais\/#primaryimage"},"image":{"@id":"https:\/\/www.haverskerque.fr\/index.php\/cimetiere-anglais\/#primaryimage"},"thumbnailUrl":"http:\/\/barbry.esy.es\/wp-content\/uploads\/2023\/12\/Cimetiere-anglais-1024x576.png","datePublished":"2023-06-26T13:10:55+00:00","dateModified":"2024-06-06T12:13:21+00:00","breadcrumb":{"@id":"https:\/\/www.haverskerque.fr\/index.php\/cimetiere-anglais\/#breadcrumb"},"inLanguage":"fr-FR","potentialAction":[{"@type":"ReadAction","target":["https:\/\/www.haverskerque.fr\/index.php\/cimetiere-anglais\/"]}]},{"@type":"ImageObject","inLanguage":"fr-FR","@id":"https:\/\/www.haverskerque.fr\/index.php\/cimetiere-anglais\/#primaryimage","url":"http:\/\/barbry.esy.es\/wp-content\/uploads\/2023\/12\/Cimetiere-anglais-1024x576.png","contentUrl":"http:\/\/barbry.esy.es\/wp-content\/uploads\/2023\/12\/Cimetiere-anglais-1024x576.png"},{"@type":"BreadcrumbList","@id":"https:\/\/www.haverskerque.fr\/index.php\/cimetiere-anglais\/#breadcrumb","itemListElement":[{"@type":"ListItem","position":1,"name":"Accueil","item":"https:\/\/www.haverskerque.fr\/"},{"@type":"ListItem","position":2,"name":"Cimeti\u00e8re anglais"}]},{"@type":"WebSite","@id":"https:\/\/haverskerque.fr\/#website","url":"https:\/\/haverskerque.fr\/","name":"Haverskerque","description":"Haverskerque, 100% Nature !","publisher":{"@id":"https:\/\/haverskerque.fr\/#organization"},"alternateName":"Haverskerque","potentialAction":[{"@type":"SearchAction","target":{"@type":"EntryPoint","urlTemplate":"https:\/\/haverskerque.fr\/?s={search_term_string}"},"query-input":{"@type":"PropertyValueSpecification","valueRequired":true,"valueName":"search_term_string"}}],"inLanguage":"fr-FR"},{"@type":"Organization","@id":"https:\/\/haverskerque.fr\/#organization","name":"Commune d'Haverskerque","alternateName":"Commune d'Haverskerque","url":"https:\/\/haverskerque.fr\/","logo":{"@type":"ImageObject","inLanguage":"fr-FR","@id":"https:\/\/haverskerque.fr\/#\/schema\/logo\/image\/","url":"https:\/\/haverskerque.fr\/wp-content\/uploads\/2024\/01\/siteon0-e5814-1.png","contentUrl":"https:\/\/haverskerque.fr\/wp-content\/uploads\/2024\/01\/siteon0-e5814-1.png","width":236,"height":102,"caption":"Commune d'Haverskerque"},"image":{"@id":"https:\/\/haverskerque.fr\/#\/schema\/logo\/image\/"},"sameAs":["https:\/\/www.facebook.com\/communehaverskerque","https:\/\/www.instagram.com\/communehaverskerque\/"]}]}},"_links":{"self":[{"href":"https:\/\/www.haverskerque.fr\/index.php\/wp-json\/wp\/v2\/pages\/3439","targetHints":{"allow":["GET"]}}],"collection":[{"href":"https:\/\/www.haverskerque.fr\/index.php\/wp-json\/wp\/v2\/pages"}],"about":[{"href":"https:\/\/www.haverskerque.fr\/index.php\/wp-json\/wp\/v2\/types\/page"}],"author":[{"embeddable":true,"href":"https:\/\/www.haverskerque.fr\/index.php\/wp-json\/wp\/v2\/users\/1"}],"replies":[{"embeddable":true,"href":"https:\/\/www.haverskerque.fr\/index.php\/wp-json\/wp\/v2\/comments?post=3439"}],"version-history":[{"count":8,"href":"https:\/\/www.haverskerque.fr\/index.php\/wp-json\/wp\/v2\/pages\/3439\/revisions"}],"predecessor-version":[{"id":8062,"href":"https:\/\/www.haverskerque.fr\/index.php\/wp-json\/wp\/v2\/pages\/3439\/revisions\/8062"}],"wp:attachment":[{"href":"https:\/\/www.haverskerque.fr\/index.php\/wp-json\/wp\/v2\/media?parent=3439"}],"curies":[{"name":"wp","href":"https:\/\/api.w.org\/{rel}","templated":true}]}}