{"id":3375,"date":"2023-06-26T14:20:46","date_gmt":"2023-06-26T12:20:46","guid":{"rendered":"http:\/\/barbry.esy.es\/?page_id=3375"},"modified":"2024-06-06T10:54:31","modified_gmt":"2024-06-06T08:54:31","slug":"cni-passeport-3","status":"publish","type":"page","link":"https:\/\/www.haverskerque.fr\/index.php\/cni-passeport-3\/","title":{"rendered":"Carte grise\/CNI\/Passeport"},"content":{"rendered":"<div class=\"wp-block-image\">\n<figure class=\"aligncenter size-large is-resized\"><img loading=\"lazy\" decoding=\"async\" width=\"1024\" height=\"576\" src=\"https:\/\/haverskerque.fr\/wp-content\/uploads\/2024\/01\/Carte-grise_CNI_Passeport-1024x576.png\" alt=\"\" class=\"wp-image-7125\" style=\"object-fit:cover;width:700px;height:393px\" srcset=\"https:\/\/www.haverskerque.fr\/wp-content\/uploads\/2024\/01\/Carte-grise_CNI_Passeport-1024x576.png 1024w, https:\/\/www.haverskerque.fr\/wp-content\/uploads\/2024\/01\/Carte-grise_CNI_Passeport-300x169.png 300w, https:\/\/www.haverskerque.fr\/wp-content\/uploads\/2024\/01\/Carte-grise_CNI_Passeport-768x432.png 768w, https:\/\/www.haverskerque.fr\/wp-content\/uploads\/2024\/01\/Carte-grise_CNI_Passeport-1536x864.png 1536w, https:\/\/www.haverskerque.fr\/wp-content\/uploads\/2024\/01\/Carte-grise_CNI_Passeport-1140x641.png 1140w, https:\/\/www.haverskerque.fr\/wp-content\/uploads\/2024\/01\/Carte-grise_CNI_Passeport.png 1920w\" sizes=\"auto, (max-width: 1024px) 100vw, 1024px\" \/><\/figure>\n<\/div>\n\n\n<figure class=\"wp-block-image size-full is-resized\"><img loading=\"lazy\" decoding=\"async\" width=\"593\" height=\"45\" src=\"https:\/\/haverskerque.fr\/wp-content\/uploads\/2023\/02\/bandeblanche.jpg\" alt=\"\" class=\"wp-image-381\" style=\"width:593px;height:auto\" srcset=\"https:\/\/www.haverskerque.fr\/wp-content\/uploads\/2023\/02\/bandeblanche.jpg 593w, https:\/\/www.haverskerque.fr\/wp-content\/uploads\/2023\/02\/bandeblanche-300x23.jpg 300w\" sizes=\"auto, (max-width: 593px) 100vw, 593px\" \/><\/figure>\n\n\n\n<h3 class=\"wp-block-heading\"><mark style=\"background-color:rgba(0, 0, 0, 0);color:#00a018\" class=\"has-inline-color\">|<\/mark> <strong>Titres d&rsquo;identit\u00e9<\/strong><\/h3>\n\n\n\n<figure class=\"wp-block-image size-full is-resized\"><img loading=\"lazy\" decoding=\"async\" width=\"593\" height=\"45\" src=\"https:\/\/haverskerque.fr\/wp-content\/uploads\/2023\/02\/bandeblanche.jpg\" alt=\"\" class=\"wp-image-381\" style=\"width:593px;height:auto\" srcset=\"https:\/\/www.haverskerque.fr\/wp-content\/uploads\/2023\/02\/bandeblanche.jpg 593w, https:\/\/www.haverskerque.fr\/wp-content\/uploads\/2023\/02\/bandeblanche-300x23.jpg 300w\" sizes=\"auto, (max-width: 593px) 100vw, 593px\" \/><\/figure>\n\n\n\n<p>Pour toute demande de titre&nbsp;:<\/p>\n\n\n\n<p>1\/ Effectuer votre pr\u00e9-demande en ligne sur le <strong><a rel=\"noreferrer noopener\" href=\"https:\/\/ants.gouv.fr\" target=\"_blank\">site de l\u2019ANTS<\/a><\/strong>. Une fois votre pr\u00e9-demande enregistr\u00e9e, cela vous donne un num\u00e9ro d\u2019enregistrement foudre fournir lors de votre prise de rendez-vous et lors du rendez-vous.<\/p>\n\n\n\n<p>2\/ Prendre contact avec les mairies des communes voisines pour prendre un rendez-vous :<\/p>\n\n\n\n<ul class=\"wp-block-list\">\n<li>Saint-Venant : 03 21 63 86 20<\/li>\n<\/ul>\n\n\n\n<p><\/p>\n\n\n\n<ul class=\"wp-block-list\">\n<li>Merville : 03 28 48 20 22<\/li>\n<\/ul>\n\n\n\n<p><\/p>\n\n\n\n<ul class=\"wp-block-list\">\n<li>Hazebrouck : 03 28 43 44 45<\/li>\n<\/ul>\n\n\n\n<p>3\/ Le jour de votre RDV, munissez-vous des pi\u00e8ces justificatives n\u00e9cessaires ci-dessous en fonction du titre :<\/p>\n\n\n\n<figure class=\"wp-block-image size-full is-resized\"><img loading=\"lazy\" decoding=\"async\" width=\"593\" height=\"45\" src=\"https:\/\/haverskerque.fr\/wp-content\/uploads\/2023\/02\/bandeblanche.jpg\" alt=\"\" class=\"wp-image-381\" style=\"width:593px;height:auto\" srcset=\"https:\/\/www.haverskerque.fr\/wp-content\/uploads\/2023\/02\/bandeblanche.jpg 593w, https:\/\/www.haverskerque.fr\/wp-content\/uploads\/2023\/02\/bandeblanche-300x23.jpg 300w\" sizes=\"auto, (max-width: 593px) 100vw, 593px\" \/><\/figure>\n\n\n\n<p><mark style=\"background-color:rgba(0, 0, 0, 0);color:#00a018\" class=\"has-inline-color\">|<\/mark> <em>Cartes d\u2019identit\u00e9<\/em><\/p>\n\n\n\n<figure class=\"wp-block-image size-full is-resized\"><img loading=\"lazy\" decoding=\"async\" width=\"593\" height=\"45\" src=\"https:\/\/haverskerque.fr\/wp-content\/uploads\/2023\/02\/bandeblanche.jpg\" alt=\"\" class=\"wp-image-381\" style=\"width:593px;height:auto\" srcset=\"https:\/\/www.haverskerque.fr\/wp-content\/uploads\/2023\/02\/bandeblanche.jpg 593w, https:\/\/www.haverskerque.fr\/wp-content\/uploads\/2023\/02\/bandeblanche-300x23.jpg 300w\" sizes=\"auto, (max-width: 593px) 100vw, 593px\" \/><\/figure>\n\n\n\n<figure class=\"wp-block-image\"><img loading=\"lazy\" decoding=\"async\" width=\"978\" height=\"236\" src=\"http:\/\/barbry.esy.es\/wp-content\/uploads\/2023\/03\/tableau-id-propre.jpg\" alt=\"\" class=\"wp-image-1429\" srcset=\"https:\/\/www.haverskerque.fr\/wp-content\/uploads\/2023\/03\/tableau-id-propre.jpg 978w, https:\/\/www.haverskerque.fr\/wp-content\/uploads\/2023\/03\/tableau-id-propre-300x72.jpg 300w, https:\/\/www.haverskerque.fr\/wp-content\/uploads\/2023\/03\/tableau-id-propre-768x185.jpg 768w\" sizes=\"auto, (max-width: 978px) 100vw, 978px\" \/><\/figure>\n\n\n\n<figure class=\"wp-block-image size-full is-resized\"><img loading=\"lazy\" decoding=\"async\" width=\"593\" height=\"45\" src=\"https:\/\/haverskerque.fr\/wp-content\/uploads\/2023\/02\/bandeblanche.jpg\" alt=\"\" class=\"wp-image-381\" style=\"width:593px;height:auto\" srcset=\"https:\/\/www.haverskerque.fr\/wp-content\/uploads\/2023\/02\/bandeblanche.jpg 593w, https:\/\/www.haverskerque.fr\/wp-content\/uploads\/2023\/02\/bandeblanche-300x23.jpg 300w\" sizes=\"auto, (max-width: 593px) 100vw, 593px\" \/><\/figure>\n\n\n\n<p><mark style=\"background-color:rgba(0, 0, 0, 0);color:#00a018\" class=\"has-inline-color\">|<\/mark> <em>Passeport<\/em><\/p>\n\n\n\n<figure class=\"wp-block-image size-full is-resized\"><img loading=\"lazy\" decoding=\"async\" width=\"593\" height=\"45\" src=\"https:\/\/haverskerque.fr\/wp-content\/uploads\/2023\/02\/bandeblanche.jpg\" alt=\"\" class=\"wp-image-381\" style=\"width:593px;height:auto\" srcset=\"https:\/\/www.haverskerque.fr\/wp-content\/uploads\/2023\/02\/bandeblanche.jpg 593w, https:\/\/www.haverskerque.fr\/wp-content\/uploads\/2023\/02\/bandeblanche-300x23.jpg 300w\" sizes=\"auto, (max-width: 593px) 100vw, 593px\" \/><\/figure>\n\n\n\n<figure class=\"wp-block-image\"><img loading=\"lazy\" decoding=\"async\" width=\"981\" height=\"234\" src=\"http:\/\/barbry.esy.es\/wp-content\/uploads\/2023\/03\/tableau-pass-propre.jpg\" alt=\"\" class=\"wp-image-1432\" srcset=\"https:\/\/www.haverskerque.fr\/wp-content\/uploads\/2023\/03\/tableau-pass-propre.jpg 981w, https:\/\/www.haverskerque.fr\/wp-content\/uploads\/2023\/03\/tableau-pass-propre-300x72.jpg 300w, https:\/\/www.haverskerque.fr\/wp-content\/uploads\/2023\/03\/tableau-pass-propre-768x183.jpg 768w\" sizes=\"auto, (max-width: 981px) 100vw, 981px\" \/><\/figure>\n\n\n\n<figure class=\"wp-block-image size-full is-resized\"><img loading=\"lazy\" decoding=\"async\" width=\"593\" height=\"45\" src=\"https:\/\/haverskerque.fr\/wp-content\/uploads\/2023\/02\/bandeblanche.jpg\" alt=\"\" class=\"wp-image-381\" style=\"width:593px;height:auto\" srcset=\"https:\/\/www.haverskerque.fr\/wp-content\/uploads\/2023\/02\/bandeblanche.jpg 593w, https:\/\/www.haverskerque.fr\/wp-content\/uploads\/2023\/02\/bandeblanche-300x23.jpg 300w\" sizes=\"auto, (max-width: 593px) 100vw, 593px\" \/><\/figure>\n\n\n\n<h3 class=\"wp-block-heading has-text-align-left\"><mark style=\"background-color:rgba(0, 0, 0, 0);color:#00a018\" class=\"has-inline-color\">|<\/mark> <strong>Carte grise<\/strong><\/h3>\n\n\n\n<figure class=\"wp-block-image size-full is-resized\"><img loading=\"lazy\" decoding=\"async\" width=\"593\" height=\"45\" src=\"https:\/\/haverskerque.fr\/wp-content\/uploads\/2023\/02\/bandeblanche.jpg\" alt=\"\" class=\"wp-image-381\" style=\"width:593px;height:auto\" srcset=\"https:\/\/www.haverskerque.fr\/wp-content\/uploads\/2023\/02\/bandeblanche.jpg 593w, https:\/\/www.haverskerque.fr\/wp-content\/uploads\/2023\/02\/bandeblanche-300x23.jpg 300w\" sizes=\"auto, (max-width: 593px) 100vw, 593px\" \/><\/figure>\n\n\n\n<p>Gr\u00e2ce \u00e0 l\u2019application Simplimmat, les vendeurs et acheteurs peuvent conclure leurs transactions en moins de dix minutes. Une fois la cession valid\u00e9e, l\u2019acheteur peut demander sa nouvelle carte grise. La v\u00e9rification en temps r\u00e9el et la pr\u00e9sence des deux parties assurent une transaction s\u00e9curis\u00e9e, pr\u00e9venant les ventes en cas d\u2019anomalies telles qu\u2019un gage ou un vol.<\/p>\n\n\n\n<p>En cas de difficult\u00e9s, France Services met \u00e0 disposition des sp\u00e9cialistes pour vous guider gratuitement au <strong>03 76 04 44 30<\/strong> ou \u00e0 l&rsquo;adresse <strong><a href=\"mailto:franceservices@cc-flandrelys.fr\" target=\"_blank\" rel=\"noreferrer noopener\">franceservices@cc-flandrelys.fr<\/a><\/strong><\/p>\n\n\n\n<p>Plus d\u2019informations&nbsp;:<\/p>\n\n\n\n<ul class=\"wp-block-list\">\n<li>Pour les d\u00e9marches li\u00e9es \u00e0 l\u2019immatriculation : <strong><a href=\"https:\/\/immatriculation.ants.gouv.fr\" target=\"_blank\" rel=\"noreferrer noopener\">https:\/\/immatriculation.ants.gouv.fr<\/a><\/strong><\/li>\n<\/ul>\n\n\n\n<p><\/p>\n\n\n\n<ul class=\"wp-block-list\">\n<li>Pour les permis de conduire : <strong><a href=\"https:\/\/permisdeconduire.ants.gouv.fr\" target=\"_blank\" rel=\"noreferrer noopener\">https:\/\/permisdeconduire.ants.gouv.fr<\/a><\/strong><\/li>\n<\/ul>\n","protected":false},"excerpt":{"rendered":"<p>| Titres d&rsquo;identit\u00e9 Pour toute demande de titre&nbsp;: 1\/ Effectuer votre pr\u00e9-demande en ligne sur le site de l\u2019ANTS. Une fois votre pr\u00e9-demande enregistr\u00e9e, cela vous donne un num\u00e9ro d\u2019enregistrement foudre fournir lors de votre prise de rendez-vous et lors du rendez-vous. 2\/ Prendre contact avec les mairies des communes voisines pour prendre un rendez-vous : 3\/ Le jour de votre RDV, munissez-vous des pi\u00e8ces justificatives n\u00e9cessaires ci-dessous en fonction du titre : | Cartes d\u2019identit\u00e9 | Passeport | Carte grise Gr\u00e2ce \u00e0 l\u2019application Simplimmat, les vendeurs et acheteurs peuvent conclure leurs transactions en moins de dix minutes. Une fois la cession valid\u00e9e, l\u2019acheteur peut demander sa nouvelle carte grise. La v\u00e9rification en temps r\u00e9el et la pr\u00e9sence des deux parties assurent une transaction s\u00e9curis\u00e9e, pr\u00e9venant les ventes en cas d\u2019anomalies telles qu\u2019un gage ou un vol. En cas de difficult\u00e9s, France Services met \u00e0 disposition des sp\u00e9cialistes pour vous guider gratuitement au 03 76 04 44 30 ou \u00e0 l&rsquo;adresse franceservices@cc-flandrelys.fr Plus d\u2019informations&nbsp;:<\/p>\n","protected":false},"author":1,"featured_media":0,"parent":0,"menu_order":0,"comment_status":"closed","ping_status":"closed","template":"","meta":{"cybocfi_hide_featured_image":"","footnotes":""},"class_list":["post-3375","page","type-page","status-publish","hentry"],"yoast_head":"<!-- This site is optimized with the Yoast SEO plugin v27.5 - https:\/\/yoast.com\/product\/yoast-seo-wordpress\/ -->\n<title>Carte grise\/CNI\/Passeport * Haverskerque, 100% Nature !*<\/title>\n<meta name=\"robots\" content=\"index, follow, max-snippet:-1, max-image-preview:large, max-video-preview:-1\" \/>\n<link rel=\"canonical\" href=\"https:\/\/www.haverskerque.fr\/index.php\/cni-passeport-3\/\" \/>\n<meta property=\"og:locale\" content=\"fr_FR\" \/>\n<meta property=\"og:type\" content=\"article\" \/>\n<meta property=\"og:title\" content=\"Carte grise\/CNI\/Passeport * Haverskerque, 100% Nature !*\" \/>\n<meta property=\"og:description\" content=\"| Titres d&rsquo;identit\u00e9 Pour toute demande de titre&nbsp;: 1\/ Effectuer votre pr\u00e9-demande en ligne sur le site de l\u2019ANTS. Une fois votre pr\u00e9-demande enregistr\u00e9e, cela vous donne un num\u00e9ro d\u2019enregistrement foudre fournir lors de votre prise de rendez-vous et lors du rendez-vous. 2\/ Prendre contact avec les mairies des communes voisines pour prendre un rendez-vous : 3\/ Le jour de votre RDV, munissez-vous des pi\u00e8ces justificatives n\u00e9cessaires ci-dessous en fonction du titre : | Cartes d\u2019identit\u00e9 | Passeport | Carte grise Gr\u00e2ce \u00e0 l\u2019application Simplimmat, les vendeurs et acheteurs peuvent conclure leurs transactions en moins de dix minutes. Une fois la cession valid\u00e9e, l\u2019acheteur peut demander sa nouvelle carte grise. La v\u00e9rification en temps r\u00e9el et la pr\u00e9sence des deux parties assurent une transaction s\u00e9curis\u00e9e, pr\u00e9venant les ventes en cas d\u2019anomalies telles qu\u2019un gage ou un vol. En cas de difficult\u00e9s, France Services met \u00e0 disposition des sp\u00e9cialistes pour vous guider gratuitement au 03 76 04 44 30 ou \u00e0 l&rsquo;adresse franceservices@cc-flandrelys.fr Plus d\u2019informations&nbsp;:\" \/>\n<meta property=\"og:url\" content=\"https:\/\/www.haverskerque.fr\/index.php\/cni-passeport-3\/\" \/>\n<meta property=\"og:site_name\" content=\"Haverskerque, 100% Nature !*\" \/>\n<meta property=\"article:publisher\" content=\"https:\/\/www.facebook.com\/communehaverskerque\" \/>\n<meta property=\"article:modified_time\" content=\"2024-06-06T08:54:31+00:00\" \/>\n<meta property=\"og:image\" content=\"https:\/\/haverskerque.fr\/wp-content\/uploads\/2024\/01\/Carte-grise_CNI_Passeport-1024x576.png\" \/>\n<meta name=\"twitter:card\" content=\"summary_large_image\" \/>\n<meta name=\"twitter:label1\" content=\"Dur\u00e9e de lecture estim\u00e9e\" \/>\n\t<meta name=\"twitter:data1\" content=\"4 minutes\" \/>\n<script type=\"application\/ld+json\" class=\"yoast-schema-graph\">{\"@context\":\"https:\\\/\\\/schema.org\",\"@graph\":[{\"@type\":\"WebPage\",\"@id\":\"https:\\\/\\\/www.haverskerque.fr\\\/index.php\\\/cni-passeport-3\\\/\",\"url\":\"https:\\\/\\\/www.haverskerque.fr\\\/index.php\\\/cni-passeport-3\\\/\",\"name\":\"Carte grise\\\/CNI\\\/Passeport * Haverskerque, 100% Nature !*\",\"isPartOf\":{\"@id\":\"https:\\\/\\\/haverskerque.fr\\\/#website\"},\"primaryImageOfPage\":{\"@id\":\"https:\\\/\\\/www.haverskerque.fr\\\/index.php\\\/cni-passeport-3\\\/#primaryimage\"},\"image\":{\"@id\":\"https:\\\/\\\/www.haverskerque.fr\\\/index.php\\\/cni-passeport-3\\\/#primaryimage\"},\"thumbnailUrl\":\"https:\\\/\\\/haverskerque.fr\\\/wp-content\\\/uploads\\\/2024\\\/01\\\/Carte-grise_CNI_Passeport-1024x576.png\",\"datePublished\":\"2023-06-26T12:20:46+00:00\",\"dateModified\":\"2024-06-06T08:54:31+00:00\",\"breadcrumb\":{\"@id\":\"https:\\\/\\\/www.haverskerque.fr\\\/index.php\\\/cni-passeport-3\\\/#breadcrumb\"},\"inLanguage\":\"fr-FR\",\"potentialAction\":[{\"@type\":\"ReadAction\",\"target\":[\"https:\\\/\\\/www.haverskerque.fr\\\/index.php\\\/cni-passeport-3\\\/\"]}]},{\"@type\":\"ImageObject\",\"inLanguage\":\"fr-FR\",\"@id\":\"https:\\\/\\\/www.haverskerque.fr\\\/index.php\\\/cni-passeport-3\\\/#primaryimage\",\"url\":\"https:\\\/\\\/haverskerque.fr\\\/wp-content\\\/uploads\\\/2024\\\/01\\\/Carte-grise_CNI_Passeport-1024x576.png\",\"contentUrl\":\"https:\\\/\\\/haverskerque.fr\\\/wp-content\\\/uploads\\\/2024\\\/01\\\/Carte-grise_CNI_Passeport-1024x576.png\"},{\"@type\":\"BreadcrumbList\",\"@id\":\"https:\\\/\\\/www.haverskerque.fr\\\/index.php\\\/cni-passeport-3\\\/#breadcrumb\",\"itemListElement\":[{\"@type\":\"ListItem\",\"position\":1,\"name\":\"Accueil\",\"item\":\"https:\\\/\\\/www.haverskerque.fr\\\/\"},{\"@type\":\"ListItem\",\"position\":2,\"name\":\"Carte grise\\\/CNI\\\/Passeport\"}]},{\"@type\":\"WebSite\",\"@id\":\"https:\\\/\\\/haverskerque.fr\\\/#website\",\"url\":\"https:\\\/\\\/haverskerque.fr\\\/\",\"name\":\"Haverskerque\",\"description\":\"Haverskerque, 100% Nature !\",\"publisher\":{\"@id\":\"https:\\\/\\\/haverskerque.fr\\\/#organization\"},\"alternateName\":\"Haverskerque\",\"potentialAction\":[{\"@type\":\"SearchAction\",\"target\":{\"@type\":\"EntryPoint\",\"urlTemplate\":\"https:\\\/\\\/haverskerque.fr\\\/?s={search_term_string}\"},\"query-input\":{\"@type\":\"PropertyValueSpecification\",\"valueRequired\":true,\"valueName\":\"search_term_string\"}}],\"inLanguage\":\"fr-FR\"},{\"@type\":\"Organization\",\"@id\":\"https:\\\/\\\/haverskerque.fr\\\/#organization\",\"name\":\"Commune d'Haverskerque\",\"alternateName\":\"Commune d'Haverskerque\",\"url\":\"https:\\\/\\\/haverskerque.fr\\\/\",\"logo\":{\"@type\":\"ImageObject\",\"inLanguage\":\"fr-FR\",\"@id\":\"https:\\\/\\\/haverskerque.fr\\\/#\\\/schema\\\/logo\\\/image\\\/\",\"url\":\"https:\\\/\\\/haverskerque.fr\\\/wp-content\\\/uploads\\\/2024\\\/01\\\/siteon0-e5814-1.png\",\"contentUrl\":\"https:\\\/\\\/haverskerque.fr\\\/wp-content\\\/uploads\\\/2024\\\/01\\\/siteon0-e5814-1.png\",\"width\":236,\"height\":102,\"caption\":\"Commune d'Haverskerque\"},\"image\":{\"@id\":\"https:\\\/\\\/haverskerque.fr\\\/#\\\/schema\\\/logo\\\/image\\\/\"},\"sameAs\":[\"https:\\\/\\\/www.facebook.com\\\/communehaverskerque\",\"https:\\\/\\\/www.instagram.com\\\/communehaverskerque\\\/\"]}]}<\/script>\n<!-- \/ Yoast SEO plugin. -->","yoast_head_json":{"title":"Carte grise\/CNI\/Passeport * Haverskerque, 100% Nature !*","robots":{"index":"index","follow":"follow","max-snippet":"max-snippet:-1","max-image-preview":"max-image-preview:large","max-video-preview":"max-video-preview:-1"},"canonical":"https:\/\/www.haverskerque.fr\/index.php\/cni-passeport-3\/","og_locale":"fr_FR","og_type":"article","og_title":"Carte grise\/CNI\/Passeport * Haverskerque, 100% Nature !*","og_description":"| Titres d&rsquo;identit\u00e9 Pour toute demande de titre&nbsp;: 1\/ Effectuer votre pr\u00e9-demande en ligne sur le site de l\u2019ANTS. Une fois votre pr\u00e9-demande enregistr\u00e9e, cela vous donne un num\u00e9ro d\u2019enregistrement foudre fournir lors de votre prise de rendez-vous et lors du rendez-vous. 2\/ Prendre contact avec les mairies des communes voisines pour prendre un rendez-vous : 3\/ Le jour de votre RDV, munissez-vous des pi\u00e8ces justificatives n\u00e9cessaires ci-dessous en fonction du titre : | Cartes d\u2019identit\u00e9 | Passeport | Carte grise Gr\u00e2ce \u00e0 l\u2019application Simplimmat, les vendeurs et acheteurs peuvent conclure leurs transactions en moins de dix minutes. Une fois la cession valid\u00e9e, l\u2019acheteur peut demander sa nouvelle carte grise. La v\u00e9rification en temps r\u00e9el et la pr\u00e9sence des deux parties assurent une transaction s\u00e9curis\u00e9e, pr\u00e9venant les ventes en cas d\u2019anomalies telles qu\u2019un gage ou un vol. En cas de difficult\u00e9s, France Services met \u00e0 disposition des sp\u00e9cialistes pour vous guider gratuitement au 03 76 04 44 30 ou \u00e0 l&rsquo;adresse franceservices@cc-flandrelys.fr Plus d\u2019informations&nbsp;:","og_url":"https:\/\/www.haverskerque.fr\/index.php\/cni-passeport-3\/","og_site_name":"Haverskerque, 100% Nature !*","article_publisher":"https:\/\/www.facebook.com\/communehaverskerque","article_modified_time":"2024-06-06T08:54:31+00:00","og_image":[{"url":"https:\/\/haverskerque.fr\/wp-content\/uploads\/2024\/01\/Carte-grise_CNI_Passeport-1024x576.png","type":"","width":"","height":""}],"twitter_card":"summary_large_image","twitter_misc":{"Dur\u00e9e de lecture estim\u00e9e":"4 minutes"},"schema":{"@context":"https:\/\/schema.org","@graph":[{"@type":"WebPage","@id":"https:\/\/www.haverskerque.fr\/index.php\/cni-passeport-3\/","url":"https:\/\/www.haverskerque.fr\/index.php\/cni-passeport-3\/","name":"Carte grise\/CNI\/Passeport * Haverskerque, 100% Nature !*","isPartOf":{"@id":"https:\/\/haverskerque.fr\/#website"},"primaryImageOfPage":{"@id":"https:\/\/www.haverskerque.fr\/index.php\/cni-passeport-3\/#primaryimage"},"image":{"@id":"https:\/\/www.haverskerque.fr\/index.php\/cni-passeport-3\/#primaryimage"},"thumbnailUrl":"https:\/\/haverskerque.fr\/wp-content\/uploads\/2024\/01\/Carte-grise_CNI_Passeport-1024x576.png","datePublished":"2023-06-26T12:20:46+00:00","dateModified":"2024-06-06T08:54:31+00:00","breadcrumb":{"@id":"https:\/\/www.haverskerque.fr\/index.php\/cni-passeport-3\/#breadcrumb"},"inLanguage":"fr-FR","potentialAction":[{"@type":"ReadAction","target":["https:\/\/www.haverskerque.fr\/index.php\/cni-passeport-3\/"]}]},{"@type":"ImageObject","inLanguage":"fr-FR","@id":"https:\/\/www.haverskerque.fr\/index.php\/cni-passeport-3\/#primaryimage","url":"https:\/\/haverskerque.fr\/wp-content\/uploads\/2024\/01\/Carte-grise_CNI_Passeport-1024x576.png","contentUrl":"https:\/\/haverskerque.fr\/wp-content\/uploads\/2024\/01\/Carte-grise_CNI_Passeport-1024x576.png"},{"@type":"BreadcrumbList","@id":"https:\/\/www.haverskerque.fr\/index.php\/cni-passeport-3\/#breadcrumb","itemListElement":[{"@type":"ListItem","position":1,"name":"Accueil","item":"https:\/\/www.haverskerque.fr\/"},{"@type":"ListItem","position":2,"name":"Carte grise\/CNI\/Passeport"}]},{"@type":"WebSite","@id":"https:\/\/haverskerque.fr\/#website","url":"https:\/\/haverskerque.fr\/","name":"Haverskerque","description":"Haverskerque, 100% Nature !","publisher":{"@id":"https:\/\/haverskerque.fr\/#organization"},"alternateName":"Haverskerque","potentialAction":[{"@type":"SearchAction","target":{"@type":"EntryPoint","urlTemplate":"https:\/\/haverskerque.fr\/?s={search_term_string}"},"query-input":{"@type":"PropertyValueSpecification","valueRequired":true,"valueName":"search_term_string"}}],"inLanguage":"fr-FR"},{"@type":"Organization","@id":"https:\/\/haverskerque.fr\/#organization","name":"Commune d'Haverskerque","alternateName":"Commune d'Haverskerque","url":"https:\/\/haverskerque.fr\/","logo":{"@type":"ImageObject","inLanguage":"fr-FR","@id":"https:\/\/haverskerque.fr\/#\/schema\/logo\/image\/","url":"https:\/\/haverskerque.fr\/wp-content\/uploads\/2024\/01\/siteon0-e5814-1.png","contentUrl":"https:\/\/haverskerque.fr\/wp-content\/uploads\/2024\/01\/siteon0-e5814-1.png","width":236,"height":102,"caption":"Commune d'Haverskerque"},"image":{"@id":"https:\/\/haverskerque.fr\/#\/schema\/logo\/image\/"},"sameAs":["https:\/\/www.facebook.com\/communehaverskerque","https:\/\/www.instagram.com\/communehaverskerque\/"]}]}},"_links":{"self":[{"href":"https:\/\/www.haverskerque.fr\/index.php\/wp-json\/wp\/v2\/pages\/3375","targetHints":{"allow":["GET"]}}],"collection":[{"href":"https:\/\/www.haverskerque.fr\/index.php\/wp-json\/wp\/v2\/pages"}],"about":[{"href":"https:\/\/www.haverskerque.fr\/index.php\/wp-json\/wp\/v2\/types\/page"}],"author":[{"embeddable":true,"href":"https:\/\/www.haverskerque.fr\/index.php\/wp-json\/wp\/v2\/users\/1"}],"replies":[{"embeddable":true,"href":"https:\/\/www.haverskerque.fr\/index.php\/wp-json\/wp\/v2\/comments?post=3375"}],"version-history":[{"count":11,"href":"https:\/\/www.haverskerque.fr\/index.php\/wp-json\/wp\/v2\/pages\/3375\/revisions"}],"predecessor-version":[{"id":8042,"href":"https:\/\/www.haverskerque.fr\/index.php\/wp-json\/wp\/v2\/pages\/3375\/revisions\/8042"}],"wp:attachment":[{"href":"https:\/\/www.haverskerque.fr\/index.php\/wp-json\/wp\/v2\/media?parent=3375"}],"curies":[{"name":"wp","href":"https:\/\/api.w.org\/{rel}","templated":true}]}}