{"id":3294,"date":"2023-06-26T13:36:31","date_gmt":"2023-06-26T11:36:31","guid":{"rendered":"http:\/\/barbry.esy.es\/?page_id=3294"},"modified":"2026-03-14T14:31:26","modified_gmt":"2026-03-14T13:31:26","slug":"medialys-2","status":"publish","type":"page","link":"https:\/\/www.haverskerque.fr\/index.php\/medialys-2\/","title":{"rendered":"M\u00e9diath\u00e8que Hubert BOUQUET"},"content":{"rendered":"<div class=\"wp-block-image\">\n<figure class=\"aligncenter size-large is-resized\"><img loading=\"lazy\" decoding=\"async\" width=\"1024\" height=\"576\" src=\"https:\/\/www.haverskerque.fr\/wp-content\/uploads\/2026\/03\/Mediatheque-Hubert-BOUQUET-1024x576.png\" alt=\"\" class=\"wp-image-10196\" style=\"object-fit:cover;width:700px;height:393px\" srcset=\"https:\/\/www.haverskerque.fr\/wp-content\/uploads\/2026\/03\/Mediatheque-Hubert-BOUQUET-1024x576.png 1024w, https:\/\/www.haverskerque.fr\/wp-content\/uploads\/2026\/03\/Mediatheque-Hubert-BOUQUET-300x169.png 300w, https:\/\/www.haverskerque.fr\/wp-content\/uploads\/2026\/03\/Mediatheque-Hubert-BOUQUET-768x432.png 768w, https:\/\/www.haverskerque.fr\/wp-content\/uploads\/2026\/03\/Mediatheque-Hubert-BOUQUET-1536x864.png 1536w, https:\/\/www.haverskerque.fr\/wp-content\/uploads\/2026\/03\/Mediatheque-Hubert-BOUQUET-1140x641.png 1140w, https:\/\/www.haverskerque.fr\/wp-content\/uploads\/2026\/03\/Mediatheque-Hubert-BOUQUET.png 1920w\" sizes=\"auto, (max-width: 1024px) 100vw, 1024px\" \/><\/figure>\n<\/div>\n\n\n<figure class=\"wp-block-image size-full\"><img loading=\"lazy\" decoding=\"async\" width=\"593\" height=\"45\" src=\"https:\/\/haverskerque.fr\/wp-content\/uploads\/2023\/02\/bandeblanche.jpg\" alt=\"\" class=\"wp-image-381\" srcset=\"https:\/\/www.haverskerque.fr\/wp-content\/uploads\/2023\/02\/bandeblanche.jpg 593w, https:\/\/www.haverskerque.fr\/wp-content\/uploads\/2023\/02\/bandeblanche-300x23.jpg 300w\" sizes=\"auto, (max-width: 593px) 100vw, 593px\" \/><\/figure>\n\n\n\n<p><mark style=\"background-color:rgba(0, 0, 0, 0);color:#00a018\" class=\"has-inline-color\">|<\/mark> <em>Vous souhaitez vous inscrire \u00e0 la m\u00e9diath\u00e8que et profiter de son fonds vari\u00e9s ainsi que des nombreuses animations tout public propos\u00e9es ? Retrouvez ici les modalit\u00e9s pratiques, horaires d&rsquo;ouverture et services propos\u00e9s.<\/em><\/p>\n\n\n\n<figure class=\"wp-block-image size-full\"><img loading=\"lazy\" decoding=\"async\" width=\"593\" height=\"45\" src=\"https:\/\/haverskerque.fr\/wp-content\/uploads\/2023\/02\/bandeblanche.jpg\" alt=\"\" class=\"wp-image-381\" srcset=\"https:\/\/www.haverskerque.fr\/wp-content\/uploads\/2023\/02\/bandeblanche.jpg 593w, https:\/\/www.haverskerque.fr\/wp-content\/uploads\/2023\/02\/bandeblanche-300x23.jpg 300w\" sizes=\"auto, (max-width: 593px) 100vw, 593px\" \/><\/figure>\n\n\n\n<p><\/p>\n\n\n<div class=\"wp-block-image\">\n<figure class=\"aligncenter\"><img loading=\"lazy\" decoding=\"async\" width=\"120\" height=\"120\" src=\"https:\/\/haverskerque.fr\/wp-content\/uploads\/2023\/03\/mediatec2.jpg\" alt=\"\" class=\"wp-image-836\"\/><\/figure>\n<\/div>\n\n\n<p><\/p>\n\n\n\n<figure class=\"wp-block-image size-full\"><img loading=\"lazy\" decoding=\"async\" width=\"593\" height=\"45\" src=\"https:\/\/haverskerque.fr\/wp-content\/uploads\/2023\/02\/bandeblanche.jpg\" alt=\"\" class=\"wp-image-381\" srcset=\"https:\/\/www.haverskerque.fr\/wp-content\/uploads\/2023\/02\/bandeblanche.jpg 593w, https:\/\/www.haverskerque.fr\/wp-content\/uploads\/2023\/02\/bandeblanche-300x23.jpg 300w\" sizes=\"auto, (max-width: 593px) 100vw, 593px\" \/><\/figure>\n\n\n\n<p class=\"has-text-align-left\">Gratuite pour tous les habitants de la CCFL, la carte Esperluette vous permet d&#8217;emprunter livres, revues, presse, ressources num\u00e9riques, CD, DVD et jeux de soci\u00e9t\u00e9 propos\u00e9s dans les 8 structures du r\u00e9seau gr\u00e2ce \u00e0 la navette . D\u00e9couvrez l&rsquo;ensemble des r\u00e9f\u00e9rences disponibles sur le <a href=\"https:\/\/www.lesperluette-flandrelys.fr\/\" target=\"_blank\" rel=\"noreferrer noopener\"><strong>site<\/strong><\/a> du r\u00e9seau.<\/p>\n\n\n\n<p>Nuit de la Lecture, Esperluf\u00eate, Printemps des po\u00e8tes,&#8230; les 8 structures proposent r\u00e9guli\u00e8rement des animations tout public et gratuites. Retrouvez toute l&rsquo;actualit\u00e9 des animations sur la page Facebook du <a href=\"http:\/\/FACEBOOK.COM\/LESPERLUETTEFLANDRELYS\" target=\"_blank\" rel=\"noreferrer noopener\"><strong>r\u00e9seau<\/strong><\/a> ou de <strong><a href=\"https:\/\/www.facebook.com\/medialyshaverskerque\" target=\"_blank\" rel=\"noreferrer noopener\">M\u00e9dialys Haverskerque<\/a>.<\/strong><\/p>\n\n\n\n<p>B\u00e9n\u00e9ficiez \u00e9galement de l&rsquo;<strong><a href=\"https:\/\/www.lesperluette-flandrelys.fr\/page-offre-num\" target=\"_blank\" rel=\"noreferrer noopener\">offre num\u00e9rique<\/a><\/strong> : acc\u00e9dez depuis chez vous \u00e0 toute l&rsquo;offre num\u00e9rique \u00e0 des milliers de propositions pour chaque \u00e2ge de cin\u00e9ma, BD, musique, documentaire, roman, presse, tutos,&#8230;<\/p>\n\n\n\n<figure class=\"wp-block-image size-full\"><img loading=\"lazy\" decoding=\"async\" width=\"593\" height=\"45\" src=\"https:\/\/haverskerque.fr\/wp-content\/uploads\/2023\/02\/bandeblanche.jpg\" alt=\"\" class=\"wp-image-381\" srcset=\"https:\/\/www.haverskerque.fr\/wp-content\/uploads\/2023\/02\/bandeblanche.jpg 593w, https:\/\/www.haverskerque.fr\/wp-content\/uploads\/2023\/02\/bandeblanche-300x23.jpg 300w\" sizes=\"auto, (max-width: 593px) 100vw, 593px\" \/><\/figure>\n\n\n\n<p>Contact : <\/p>\n\n\n\n<figure class=\"wp-block-image size-full\"><img loading=\"lazy\" decoding=\"async\" width=\"593\" height=\"45\" src=\"https:\/\/haverskerque.fr\/wp-content\/uploads\/2023\/02\/bandeblanche.jpg\" alt=\"\" class=\"wp-image-381\" srcset=\"https:\/\/www.haverskerque.fr\/wp-content\/uploads\/2023\/02\/bandeblanche.jpg 593w, https:\/\/www.haverskerque.fr\/wp-content\/uploads\/2023\/02\/bandeblanche-300x23.jpg 300w\" sizes=\"auto, (max-width: 593px) 100vw, 593px\" \/><\/figure>\n\n\n\n<ul class=\"wp-block-list\">\n<li>03 28 40 60 05<\/li>\n<\/ul>\n\n\n\n<ul class=\"wp-block-list\">\n<li><strong><a href=\"mailto:mediathequehubertbouquet@haverskerque.fr\" target=\"_blank\" rel=\"noreferrer noopener\">mediathequehubertbouquet@haverskerque.fr<\/a><\/strong><\/li>\n<\/ul>\n\n\n\n<figure class=\"wp-block-image size-full\"><img loading=\"lazy\" decoding=\"async\" width=\"593\" height=\"45\" src=\"https:\/\/haverskerque.fr\/wp-content\/uploads\/2023\/02\/bandeblanche.jpg\" alt=\"\" class=\"wp-image-381\" srcset=\"https:\/\/www.haverskerque.fr\/wp-content\/uploads\/2023\/02\/bandeblanche.jpg 593w, https:\/\/www.haverskerque.fr\/wp-content\/uploads\/2023\/02\/bandeblanche-300x23.jpg 300w\" sizes=\"auto, (max-width: 593px) 100vw, 593px\" \/><\/figure>\n\n\n\n<h3 class=\"wp-block-heading\"><strong>M\u00e9diath\u00e8que Hubert BOUQUET, Rue du Bellot<\/strong><\/h3>\n\n\n\n<figure class=\"wp-block-image size-full\"><img loading=\"lazy\" decoding=\"async\" width=\"593\" height=\"45\" src=\"https:\/\/haverskerque.fr\/wp-content\/uploads\/2023\/02\/bandeblanche.jpg\" alt=\"\" class=\"wp-image-381\" srcset=\"https:\/\/www.haverskerque.fr\/wp-content\/uploads\/2023\/02\/bandeblanche.jpg 593w, https:\/\/www.haverskerque.fr\/wp-content\/uploads\/2023\/02\/bandeblanche-300x23.jpg 300w\" sizes=\"auto, (max-width: 593px) 100vw, 593px\" \/><\/figure>\n\n\n\n<p><strong>Horaires d\u2019ouverture&nbsp;:<\/strong><\/p>\n\n\n\n<figure class=\"wp-block-image size-full\"><img loading=\"lazy\" decoding=\"async\" width=\"593\" height=\"45\" src=\"https:\/\/haverskerque.fr\/wp-content\/uploads\/2023\/02\/bandeblanche.jpg\" alt=\"\" class=\"wp-image-381\" srcset=\"https:\/\/www.haverskerque.fr\/wp-content\/uploads\/2023\/02\/bandeblanche.jpg 593w, https:\/\/www.haverskerque.fr\/wp-content\/uploads\/2023\/02\/bandeblanche-300x23.jpg 300w\" sizes=\"auto, (max-width: 593px) 100vw, 593px\" \/><\/figure>\n\n\n\n<ul class=\"wp-block-list\">\n<li>Lundi 15h-17h30<\/li>\n<\/ul>\n\n\n\n<p><\/p>\n\n\n\n<ul class=\"wp-block-list\">\n<li>Mardi 15h-17h30<\/li>\n<\/ul>\n\n\n\n<p><\/p>\n\n\n\n<ul class=\"wp-block-list\">\n<li>Mercredi 14h30-18h<\/li>\n<\/ul>\n\n\n\n<p><\/p>\n\n\n\n<ul class=\"wp-block-list\">\n<li>Jeudi FERM\u00c9<\/li>\n<\/ul>\n\n\n\n<p><\/p>\n\n\n\n<ul class=\"wp-block-list\">\n<li>Vendredi 10h-12h<\/li>\n<\/ul>\n\n\n\n<p><\/p>\n\n\n\n<ul class=\"wp-block-list\">\n<li>Samedi 10h-12h<\/li>\n<\/ul>\n\n\n\n<p><\/p>\n\n\n\n<ul class=\"wp-block-list\">\n<li>Dimanche FERM\u00c9<\/li>\n<\/ul>\n\n\n\n<p class=\"has-text-align-center\">La mise en place de ce dispositif est financ\u00e9e par la Communaut\u00e9 de communes Flandre Lys, avec le soutien de la DRAC et des M\u00e9diath\u00e8ques d\u00e9partementales du Nord et du Pas de Calais.<\/p>\n\n\n\n<p><\/p>\n","protected":false},"excerpt":{"rendered":"<p>| Vous souhaitez vous inscrire \u00e0 la m\u00e9diath\u00e8que et profiter de son fonds vari\u00e9s ainsi que des nombreuses animations tout public propos\u00e9es ? Retrouvez ici les modalit\u00e9s pratiques, horaires d&rsquo;ouverture et services propos\u00e9s. Gratuite pour tous les habitants de la CCFL, la carte Esperluette vous permet d&#8217;emprunter livres, revues, presse, ressources num\u00e9riques, CD, DVD et jeux de soci\u00e9t\u00e9 propos\u00e9s dans les 8 structures du r\u00e9seau gr\u00e2ce \u00e0 la navette . D\u00e9couvrez l&rsquo;ensemble des r\u00e9f\u00e9rences disponibles sur le site du r\u00e9seau. Nuit de la Lecture, Esperluf\u00eate, Printemps des po\u00e8tes,&#8230; les 8 structures proposent r\u00e9guli\u00e8rement des animations tout public et gratuites. Retrouvez toute l&rsquo;actualit\u00e9 des animations sur la page Facebook du r\u00e9seau ou de M\u00e9dialys Haverskerque. B\u00e9n\u00e9ficiez \u00e9galement de l&rsquo;offre num\u00e9rique : acc\u00e9dez depuis chez vous \u00e0 toute l&rsquo;offre num\u00e9rique \u00e0 des milliers de propositions pour chaque \u00e2ge de cin\u00e9ma, BD, musique, documentaire, roman, presse, tutos,&#8230; Contact : M\u00e9diath\u00e8que Hubert BOUQUET, Rue du Bellot Horaires d\u2019ouverture&nbsp;: La mise en place de ce dispositif est financ\u00e9e par la Communaut\u00e9 de communes Flandre Lys, avec le soutien de la DRAC et des M\u00e9diath\u00e8ques d\u00e9partementales du Nord et du Pas de Calais.<\/p>\n","protected":false},"author":1,"featured_media":0,"parent":0,"menu_order":0,"comment_status":"closed","ping_status":"closed","template":"","meta":{"cybocfi_hide_featured_image":"","footnotes":""},"class_list":["post-3294","page","type-page","status-publish","hentry"],"yoast_head":"<!-- This site is optimized with the Yoast SEO plugin v27.5 - https:\/\/yoast.com\/product\/yoast-seo-wordpress\/ -->\n<title>M\u00e9diath\u00e8que Hubert BOUQUET * Haverskerque, 100% Nature !*<\/title>\n<meta name=\"robots\" content=\"index, follow, max-snippet:-1, max-image-preview:large, max-video-preview:-1\" \/>\n<link rel=\"canonical\" href=\"https:\/\/www.haverskerque.fr\/index.php\/medialys-2\/\" \/>\n<meta property=\"og:locale\" content=\"fr_FR\" \/>\n<meta property=\"og:type\" content=\"article\" \/>\n<meta property=\"og:title\" content=\"M\u00e9diath\u00e8que Hubert BOUQUET * Haverskerque, 100% Nature !*\" \/>\n<meta property=\"og:description\" content=\"| Vous souhaitez vous inscrire \u00e0 la m\u00e9diath\u00e8que et profiter de son fonds vari\u00e9s ainsi que des nombreuses animations tout public propos\u00e9es ? Retrouvez ici les modalit\u00e9s pratiques, horaires d&rsquo;ouverture et services propos\u00e9s. Gratuite pour tous les habitants de la CCFL, la carte Esperluette vous permet d&#8217;emprunter livres, revues, presse, ressources num\u00e9riques, CD, DVD et jeux de soci\u00e9t\u00e9 propos\u00e9s dans les 8 structures du r\u00e9seau gr\u00e2ce \u00e0 la navette . D\u00e9couvrez l&rsquo;ensemble des r\u00e9f\u00e9rences disponibles sur le site du r\u00e9seau. Nuit de la Lecture, Esperluf\u00eate, Printemps des po\u00e8tes,&#8230; les 8 structures proposent r\u00e9guli\u00e8rement des animations tout public et gratuites. Retrouvez toute l&rsquo;actualit\u00e9 des animations sur la page Facebook du r\u00e9seau ou de M\u00e9dialys Haverskerque. B\u00e9n\u00e9ficiez \u00e9galement de l&rsquo;offre num\u00e9rique : acc\u00e9dez depuis chez vous \u00e0 toute l&rsquo;offre num\u00e9rique \u00e0 des milliers de propositions pour chaque \u00e2ge de cin\u00e9ma, BD, musique, documentaire, roman, presse, tutos,&#8230; Contact : M\u00e9diath\u00e8que Hubert BOUQUET, Rue du Bellot Horaires d\u2019ouverture&nbsp;: La mise en place de ce dispositif est financ\u00e9e par la Communaut\u00e9 de communes Flandre Lys, avec le soutien de la DRAC et des M\u00e9diath\u00e8ques d\u00e9partementales du Nord et du Pas de Calais.\" \/>\n<meta property=\"og:url\" content=\"https:\/\/www.haverskerque.fr\/index.php\/medialys-2\/\" \/>\n<meta property=\"og:site_name\" content=\"Haverskerque, 100% Nature !*\" \/>\n<meta property=\"article:publisher\" content=\"https:\/\/www.facebook.com\/communehaverskerque\" \/>\n<meta property=\"article:modified_time\" content=\"2026-03-14T13:31:26+00:00\" \/>\n<meta property=\"og:image\" content=\"https:\/\/www.haverskerque.fr\/wp-content\/uploads\/2026\/03\/Mediatheque-Hubert-BOUQUET-1024x576.png\" \/>\n\t<meta property=\"og:image:width\" content=\"1024\" \/>\n\t<meta property=\"og:image:height\" content=\"576\" \/>\n\t<meta property=\"og:image:type\" content=\"image\/png\" \/>\n<meta name=\"twitter:card\" content=\"summary_large_image\" \/>\n<meta name=\"twitter:label1\" content=\"Dur\u00e9e de lecture estim\u00e9e\" \/>\n\t<meta name=\"twitter:data1\" content=\"4 minutes\" \/>\n<script type=\"application\/ld+json\" class=\"yoast-schema-graph\">{\"@context\":\"https:\\\/\\\/schema.org\",\"@graph\":[{\"@type\":\"WebPage\",\"@id\":\"https:\\\/\\\/www.haverskerque.fr\\\/index.php\\\/medialys-2\\\/\",\"url\":\"https:\\\/\\\/www.haverskerque.fr\\\/index.php\\\/medialys-2\\\/\",\"name\":\"M\u00e9diath\u00e8que Hubert BOUQUET * Haverskerque, 100% Nature !*\",\"isPartOf\":{\"@id\":\"https:\\\/\\\/haverskerque.fr\\\/#website\"},\"primaryImageOfPage\":{\"@id\":\"https:\\\/\\\/www.haverskerque.fr\\\/index.php\\\/medialys-2\\\/#primaryimage\"},\"image\":{\"@id\":\"https:\\\/\\\/www.haverskerque.fr\\\/index.php\\\/medialys-2\\\/#primaryimage\"},\"thumbnailUrl\":\"https:\\\/\\\/www.haverskerque.fr\\\/wp-content\\\/uploads\\\/2026\\\/03\\\/Mediatheque-Hubert-BOUQUET-1024x576.png\",\"datePublished\":\"2023-06-26T11:36:31+00:00\",\"dateModified\":\"2026-03-14T13:31:26+00:00\",\"breadcrumb\":{\"@id\":\"https:\\\/\\\/www.haverskerque.fr\\\/index.php\\\/medialys-2\\\/#breadcrumb\"},\"inLanguage\":\"fr-FR\",\"potentialAction\":[{\"@type\":\"ReadAction\",\"target\":[\"https:\\\/\\\/www.haverskerque.fr\\\/index.php\\\/medialys-2\\\/\"]}]},{\"@type\":\"ImageObject\",\"inLanguage\":\"fr-FR\",\"@id\":\"https:\\\/\\\/www.haverskerque.fr\\\/index.php\\\/medialys-2\\\/#primaryimage\",\"url\":\"https:\\\/\\\/www.haverskerque.fr\\\/wp-content\\\/uploads\\\/2026\\\/03\\\/Mediatheque-Hubert-BOUQUET.png\",\"contentUrl\":\"https:\\\/\\\/www.haverskerque.fr\\\/wp-content\\\/uploads\\\/2026\\\/03\\\/Mediatheque-Hubert-BOUQUET.png\",\"width\":1920,\"height\":1080},{\"@type\":\"BreadcrumbList\",\"@id\":\"https:\\\/\\\/www.haverskerque.fr\\\/index.php\\\/medialys-2\\\/#breadcrumb\",\"itemListElement\":[{\"@type\":\"ListItem\",\"position\":1,\"name\":\"Accueil\",\"item\":\"https:\\\/\\\/www.haverskerque.fr\\\/\"},{\"@type\":\"ListItem\",\"position\":2,\"name\":\"M\u00e9diath\u00e8que Hubert BOUQUET\"}]},{\"@type\":\"WebSite\",\"@id\":\"https:\\\/\\\/haverskerque.fr\\\/#website\",\"url\":\"https:\\\/\\\/haverskerque.fr\\\/\",\"name\":\"Haverskerque\",\"description\":\"Haverskerque, 100% Nature !\",\"publisher\":{\"@id\":\"https:\\\/\\\/haverskerque.fr\\\/#organization\"},\"alternateName\":\"Haverskerque\",\"potentialAction\":[{\"@type\":\"SearchAction\",\"target\":{\"@type\":\"EntryPoint\",\"urlTemplate\":\"https:\\\/\\\/haverskerque.fr\\\/?s={search_term_string}\"},\"query-input\":{\"@type\":\"PropertyValueSpecification\",\"valueRequired\":true,\"valueName\":\"search_term_string\"}}],\"inLanguage\":\"fr-FR\"},{\"@type\":\"Organization\",\"@id\":\"https:\\\/\\\/haverskerque.fr\\\/#organization\",\"name\":\"Commune d'Haverskerque\",\"alternateName\":\"Commune d'Haverskerque\",\"url\":\"https:\\\/\\\/haverskerque.fr\\\/\",\"logo\":{\"@type\":\"ImageObject\",\"inLanguage\":\"fr-FR\",\"@id\":\"https:\\\/\\\/haverskerque.fr\\\/#\\\/schema\\\/logo\\\/image\\\/\",\"url\":\"https:\\\/\\\/haverskerque.fr\\\/wp-content\\\/uploads\\\/2024\\\/01\\\/siteon0-e5814-1.png\",\"contentUrl\":\"https:\\\/\\\/haverskerque.fr\\\/wp-content\\\/uploads\\\/2024\\\/01\\\/siteon0-e5814-1.png\",\"width\":236,\"height\":102,\"caption\":\"Commune d'Haverskerque\"},\"image\":{\"@id\":\"https:\\\/\\\/haverskerque.fr\\\/#\\\/schema\\\/logo\\\/image\\\/\"},\"sameAs\":[\"https:\\\/\\\/www.facebook.com\\\/communehaverskerque\",\"https:\\\/\\\/www.instagram.com\\\/communehaverskerque\\\/\"]}]}<\/script>\n<!-- \/ Yoast SEO plugin. -->","yoast_head_json":{"title":"M\u00e9diath\u00e8que Hubert BOUQUET * Haverskerque, 100% Nature !*","robots":{"index":"index","follow":"follow","max-snippet":"max-snippet:-1","max-image-preview":"max-image-preview:large","max-video-preview":"max-video-preview:-1"},"canonical":"https:\/\/www.haverskerque.fr\/index.php\/medialys-2\/","og_locale":"fr_FR","og_type":"article","og_title":"M\u00e9diath\u00e8que Hubert BOUQUET * Haverskerque, 100% Nature !*","og_description":"| Vous souhaitez vous inscrire \u00e0 la m\u00e9diath\u00e8que et profiter de son fonds vari\u00e9s ainsi que des nombreuses animations tout public propos\u00e9es ? Retrouvez ici les modalit\u00e9s pratiques, horaires d&rsquo;ouverture et services propos\u00e9s. Gratuite pour tous les habitants de la CCFL, la carte Esperluette vous permet d&#8217;emprunter livres, revues, presse, ressources num\u00e9riques, CD, DVD et jeux de soci\u00e9t\u00e9 propos\u00e9s dans les 8 structures du r\u00e9seau gr\u00e2ce \u00e0 la navette . D\u00e9couvrez l&rsquo;ensemble des r\u00e9f\u00e9rences disponibles sur le site du r\u00e9seau. Nuit de la Lecture, Esperluf\u00eate, Printemps des po\u00e8tes,&#8230; les 8 structures proposent r\u00e9guli\u00e8rement des animations tout public et gratuites. Retrouvez toute l&rsquo;actualit\u00e9 des animations sur la page Facebook du r\u00e9seau ou de M\u00e9dialys Haverskerque. B\u00e9n\u00e9ficiez \u00e9galement de l&rsquo;offre num\u00e9rique : acc\u00e9dez depuis chez vous \u00e0 toute l&rsquo;offre num\u00e9rique \u00e0 des milliers de propositions pour chaque \u00e2ge de cin\u00e9ma, BD, musique, documentaire, roman, presse, tutos,&#8230; Contact : M\u00e9diath\u00e8que Hubert BOUQUET, Rue du Bellot Horaires d\u2019ouverture&nbsp;: La mise en place de ce dispositif est financ\u00e9e par la Communaut\u00e9 de communes Flandre Lys, avec le soutien de la DRAC et des M\u00e9diath\u00e8ques d\u00e9partementales du Nord et du Pas de Calais.","og_url":"https:\/\/www.haverskerque.fr\/index.php\/medialys-2\/","og_site_name":"Haverskerque, 100% Nature !*","article_publisher":"https:\/\/www.facebook.com\/communehaverskerque","article_modified_time":"2026-03-14T13:31:26+00:00","og_image":[{"width":1024,"height":576,"url":"https:\/\/www.haverskerque.fr\/wp-content\/uploads\/2026\/03\/Mediatheque-Hubert-BOUQUET-1024x576.png","type":"image\/png"}],"twitter_card":"summary_large_image","twitter_misc":{"Dur\u00e9e de lecture estim\u00e9e":"4 minutes"},"schema":{"@context":"https:\/\/schema.org","@graph":[{"@type":"WebPage","@id":"https:\/\/www.haverskerque.fr\/index.php\/medialys-2\/","url":"https:\/\/www.haverskerque.fr\/index.php\/medialys-2\/","name":"M\u00e9diath\u00e8que Hubert BOUQUET * Haverskerque, 100% Nature !*","isPartOf":{"@id":"https:\/\/haverskerque.fr\/#website"},"primaryImageOfPage":{"@id":"https:\/\/www.haverskerque.fr\/index.php\/medialys-2\/#primaryimage"},"image":{"@id":"https:\/\/www.haverskerque.fr\/index.php\/medialys-2\/#primaryimage"},"thumbnailUrl":"https:\/\/www.haverskerque.fr\/wp-content\/uploads\/2026\/03\/Mediatheque-Hubert-BOUQUET-1024x576.png","datePublished":"2023-06-26T11:36:31+00:00","dateModified":"2026-03-14T13:31:26+00:00","breadcrumb":{"@id":"https:\/\/www.haverskerque.fr\/index.php\/medialys-2\/#breadcrumb"},"inLanguage":"fr-FR","potentialAction":[{"@type":"ReadAction","target":["https:\/\/www.haverskerque.fr\/index.php\/medialys-2\/"]}]},{"@type":"ImageObject","inLanguage":"fr-FR","@id":"https:\/\/www.haverskerque.fr\/index.php\/medialys-2\/#primaryimage","url":"https:\/\/www.haverskerque.fr\/wp-content\/uploads\/2026\/03\/Mediatheque-Hubert-BOUQUET.png","contentUrl":"https:\/\/www.haverskerque.fr\/wp-content\/uploads\/2026\/03\/Mediatheque-Hubert-BOUQUET.png","width":1920,"height":1080},{"@type":"BreadcrumbList","@id":"https:\/\/www.haverskerque.fr\/index.php\/medialys-2\/#breadcrumb","itemListElement":[{"@type":"ListItem","position":1,"name":"Accueil","item":"https:\/\/www.haverskerque.fr\/"},{"@type":"ListItem","position":2,"name":"M\u00e9diath\u00e8que Hubert BOUQUET"}]},{"@type":"WebSite","@id":"https:\/\/haverskerque.fr\/#website","url":"https:\/\/haverskerque.fr\/","name":"Haverskerque","description":"Haverskerque, 100% Nature !","publisher":{"@id":"https:\/\/haverskerque.fr\/#organization"},"alternateName":"Haverskerque","potentialAction":[{"@type":"SearchAction","target":{"@type":"EntryPoint","urlTemplate":"https:\/\/haverskerque.fr\/?s={search_term_string}"},"query-input":{"@type":"PropertyValueSpecification","valueRequired":true,"valueName":"search_term_string"}}],"inLanguage":"fr-FR"},{"@type":"Organization","@id":"https:\/\/haverskerque.fr\/#organization","name":"Commune d'Haverskerque","alternateName":"Commune d'Haverskerque","url":"https:\/\/haverskerque.fr\/","logo":{"@type":"ImageObject","inLanguage":"fr-FR","@id":"https:\/\/haverskerque.fr\/#\/schema\/logo\/image\/","url":"https:\/\/haverskerque.fr\/wp-content\/uploads\/2024\/01\/siteon0-e5814-1.png","contentUrl":"https:\/\/haverskerque.fr\/wp-content\/uploads\/2024\/01\/siteon0-e5814-1.png","width":236,"height":102,"caption":"Commune d'Haverskerque"},"image":{"@id":"https:\/\/haverskerque.fr\/#\/schema\/logo\/image\/"},"sameAs":["https:\/\/www.facebook.com\/communehaverskerque","https:\/\/www.instagram.com\/communehaverskerque\/"]}]}},"_links":{"self":[{"href":"https:\/\/www.haverskerque.fr\/index.php\/wp-json\/wp\/v2\/pages\/3294","targetHints":{"allow":["GET"]}}],"collection":[{"href":"https:\/\/www.haverskerque.fr\/index.php\/wp-json\/wp\/v2\/pages"}],"about":[{"href":"https:\/\/www.haverskerque.fr\/index.php\/wp-json\/wp\/v2\/types\/page"}],"author":[{"embeddable":true,"href":"https:\/\/www.haverskerque.fr\/index.php\/wp-json\/wp\/v2\/users\/1"}],"replies":[{"embeddable":true,"href":"https:\/\/www.haverskerque.fr\/index.php\/wp-json\/wp\/v2\/comments?post=3294"}],"version-history":[{"count":39,"href":"https:\/\/www.haverskerque.fr\/index.php\/wp-json\/wp\/v2\/pages\/3294\/revisions"}],"predecessor-version":[{"id":10230,"href":"https:\/\/www.haverskerque.fr\/index.php\/wp-json\/wp\/v2\/pages\/3294\/revisions\/10230"}],"wp:attachment":[{"href":"https:\/\/www.haverskerque.fr\/index.php\/wp-json\/wp\/v2\/media?parent=3294"}],"curies":[{"name":"wp","href":"https:\/\/api.w.org\/{rel}","templated":true}]}}